{"id":6556,"date":"2025-03-25T19:08:33","date_gmt":"2025-03-25T19:08:33","guid":{"rendered":"https:\/\/comitegenero.tecdmx.org.mx\/?page_id=6556"},"modified":"2025-03-25T19:26:01","modified_gmt":"2025-03-25T19:26:01","slug":"personas-jovenes-con-discapacidad-migrantes-y-otros-grupos-de-atencion-prioritaria-2024","status":"publish","type":"page","link":"https:\/\/comitegenero.tecdmx.org.mx\/index.php\/personas-jovenes-con-discapacidad-migrantes-y-otros-grupos-de-atencion-prioritaria-2024\/","title":{"rendered":"PERSONAS J\u00d3VENES, CON DISCAPACIDAD, MIGRANTES Y OTROS GRUPOS DE ATENCI\u00d3N PRIORITARIA 2024"},"content":{"rendered":"\n<p><a href=\"https:\/\/comitegenero.tecdmx.org.mx\/index.php\/sentencias\/\" target=\"_blank\" rel=\"noreferrer noopener\">Regresar a Sentencias&nbsp;&nbsp;<\/a><\/p>\n\n\n\n<p><strong>EXPEDIENTE:<\/strong>&nbsp;<strong><a href=\"https:\/\/comitegenero.tecdmx.org.mx\/wp-content\/uploads\/2025\/03\/TECDMX-PES-129-2024-interes-superior-infancia-acredita.pdf\" target=\"_blank\" rel=\"noreferrer noopener\">TECDMX-PES-129\/2024<\/a><\/strong><\/p>\n\n\n\n<p><strong>POBLACI\u00d3N QUE SE TUTELA:<\/strong>&nbsp;Inter\u00e9s superior de la infancia, protecci\u00f3n de ni\u00f1as, ni\u00f1os y adolescentes en su aparici\u00f3n y participaci\u00f3n en cualquier medio de comunicaci\u00f3n o propaganda, redes sociales, Observaci\u00f3n General 14 ONU.<\/p>\n\n\n\n<p><strong>RESUMEN DE CRITERIOS RELEVANTES<\/strong>: En este caso se acredit\u00f3 la existencia de una publicaci\u00f3n en una red social de la parte denunciada otrora candidata a diputada local, en que se aprecia a tres personas menores de edad sin las medidas de protecci\u00f3n de rostro, por lo cual, se estimaron vulnerados adem\u00e1s los derechos a la imagen, honor, vida privada e integridad de las tres personas menores de edad, lo que es contrario al principio constitucional de inter\u00e9s superior de la infancia y adolescencia, por parte de la responsable.<\/p>\n\n\n\n<p>Lo anterior, en raz\u00f3n de que se dejaron de observar los requisitos para la aparici\u00f3n y participaci\u00f3n de ni\u00f1as, ni\u00f1os y adolescentes en cualquier medio de difusi\u00f3n, propaganda, mensajes o actos: el Consentimiento por escrito de la madre y el padre, quien ejerza la patria potestad, las personas tutoras o la autoridad que deba suplirlas; videograbar la explicaci\u00f3n que se d\u00e9 a las infancias sobre los alcances, contenido, temporalidad y forma de difusi\u00f3n; explicar las implicaciones y riesgos potenciales; la opini\u00f3n propia, informada, individual, libre, expresa, espont\u00e1nea y genuina de las infancias y adolescencias sobre su participaci\u00f3n; la expresi\u00f3n de su voluntad pudiendo inclusive revocarla en cualquier momento; la obligaci\u00f3n de contar con persona traductora en caso de que las infancias y adolescencias no hablen espa\u00f1ol; garantizar que no existe presi\u00f3n, enga\u00f1o o se induzca al error al emitir su opini\u00f3n; en caso de ser persona con discapacidad se deben tomar en cuenta todos los ajustes necesarios para garantizar sus derechos y recebar el consentimiento de su padre y\/o madre y; resguardar la documentaci\u00f3n generada al respecto as\u00ed como, el aviso de privacidad.<\/p>\n\n\n\n<p>Cadena impugnativa: Mediante sentencia SCM-JE-174\/2024 el \u00f3rgano revisor confirm\u00f3 la sentencia del TECDMX.<\/p>\n","protected":false},"excerpt":{"rendered":"<p>Regresar a Sentencias&nbsp;&nbsp; EXPEDIENTE:&nbsp;TECDMX-PES-129\/2024 POBLACI\u00d3N QUE SE TUTELA:&nbsp;Inter\u00e9s superior de la infancia, protecci\u00f3n de ni\u00f1as, ni\u00f1os y adolescentes en su aparici\u00f3n y participaci\u00f3n en cualquier medio de comunicaci\u00f3n o propaganda, redes sociales, Observaci\u00f3n General 14 ONU. RESUMEN DE CRITERIOS RELEVANTES: En este caso se acredit\u00f3 la existencia de una publicaci\u00f3n en una red social de [&hellip;]<\/p>\n","protected":false},"author":6,"featured_media":0,"parent":0,"menu_order":0,"comment_status":"closed","ping_status":"closed","template":"","meta":{"_exactmetrics_skip_tracking":false,"_exactmetrics_sitenote_active":false,"_exactmetrics_sitenote_note":"","_exactmetrics_sitenote_category":0,"footnotes":""},"_links":{"self":[{"href":"https:\/\/comitegenero.tecdmx.org.mx\/index.php\/wp-json\/wp\/v2\/pages\/6556"}],"collection":[{"href":"https:\/\/comitegenero.tecdmx.org.mx\/index.php\/wp-json\/wp\/v2\/pages"}],"about":[{"href":"https:\/\/comitegenero.tecdmx.org.mx\/index.php\/wp-json\/wp\/v2\/types\/page"}],"author":[{"embeddable":true,"href":"https:\/\/comitegenero.tecdmx.org.mx\/index.php\/wp-json\/wp\/v2\/users\/6"}],"replies":[{"embeddable":true,"href":"https:\/\/comitegenero.tecdmx.org.mx\/index.php\/wp-json\/wp\/v2\/comments?post=6556"}],"version-history":[{"count":4,"href":"https:\/\/comitegenero.tecdmx.org.mx\/index.php\/wp-json\/wp\/v2\/pages\/6556\/revisions"}],"predecessor-version":[{"id":6564,"href":"https:\/\/comitegenero.tecdmx.org.mx\/index.php\/wp-json\/wp\/v2\/pages\/6556\/revisions\/6564"}],"wp:attachment":[{"href":"https:\/\/comitegenero.tecdmx.org.mx\/index.php\/wp-json\/wp\/v2\/media?parent=6556"}],"curies":[{"name":"wp","href":"https:\/\/api.w.org\/{rel}","templated":true}]}}