{"id":6157,"date":"2024-02-08T18:30:00","date_gmt":"2024-02-08T18:30:00","guid":{"rendered":"https:\/\/comitegenero.tecdmx.org.mx\/?page_id=6157"},"modified":"2024-02-09T00:12:59","modified_gmt":"2024-02-09T00:12:59","slug":"poblacion-que-se-tutela-mujeres-2022","status":"publish","type":"page","link":"https:\/\/comitegenero.tecdmx.org.mx\/index.php\/poblacion-que-se-tutela-mujeres-2022\/","title":{"rendered":"POBLACI\u00d3N QUE SE TUTELA: MUJERES 2022"},"content":{"rendered":"\n<p><a href=\"https:\/\/comitegenero.tecdmx.org.mx\/index.php\/sentencias\/\">Regresar a Sentencias\u00a0<\/a><\/p>\n\n\n\n<p id=\"block-d42649f5-98d4-4fa3-9d64-fca502efbda3\"><strong>EXPEDIENTE<\/strong>: <strong><a href=\"https:\/\/comitegenero.tecdmx.org.mx\/wp-content\/uploads\/2024\/02\/TECDMX-JLDC-75-2022-REFORMA-COIPE-UNIDAD-GENERO-IECM.pdf\" target=\"_blank\" rel=\"noreferrer noopener\">TECDMX-JLDC-075\/2022<\/a><\/strong><\/p>\n\n\n\n<p id=\"block-0492ad33-82cf-42af-aed4-fe8d628b28d4\"><strong>POBLACI\u00d3N QUE SE TUTELA: <\/strong>Mujeres. Derechos pol\u00edticos. VPMG.<\/p>\n\n\n\n<p id=\"block-ed1a3abc-4e1e-410c-8368-03465d9f9480\"><strong>RESUMEN DE CRITERIOS RELEVANTES:<\/strong> <\/p>\n\n\n\n<p id=\"block-0492ad33-82cf-42af-aed4-fe8d628b28d4\"><strong>POBLACI\u00d3N QUE SE TUTELA: <\/strong>Mujeres. Derechos de petici\u00f3n VPMG. Decreto por el que se reforman, adicionan y derogan diversos art\u00edculos del C\u00f3digo de Instituciones y Procedimientos Electorales de la Ciudad de M\u00e9xico, publicado el dos de junio de 2022 en la G.O.<\/p>\n\n\n\n<p id=\"block-ed1a3abc-4e1e-410c-8368-03465d9f9480\"><strong>RESUMEN DE CRITERIOS RELEVANTES:<\/strong> En este caso se impugn\u00f3 el Decreto por el que se reforman, adicionan y derogan diversos art\u00edculos del C\u00f3digo de Instituciones y Procedimientos Electorales de la Ciudad de M\u00e9xico, publicado el dos de junio de 2022, en la Gaceta Oficial de la Ciudad de M\u00e9xico; as\u00ed como, el Acuerdo IECM\/ACU-CG-042\/2022, emitido por el Consejo General del Instituto Electoral de la Ciudad de M\u00e9xico, por el que se aprueban las Acciones Generales para llevar a cabo el Proceso de Transici\u00f3n, en cumplimiento al art\u00edculo Cuarto Transitorio del Decreto por el que se reforman, adicionan, modifican y derogan diversos art\u00edculos del C\u00f3digo de Instituciones y Procedimientos Electorales de la Ciudad de M\u00e9xico.<\/p>\n\n\n\n<p>Ambos actos relativos, entre otros puntos, a la atribuci\u00f3n del Consejo General del Instituto Electoral relativa a la creaci\u00f3n de Unidad T\u00e9cnicas adicionales para el adecuado funcionamiento y logro de sus fines, as\u00ed como, con las atribuciones y funciones de la Unidad T\u00e9cnica de G\u00e9nero y Derechos Humanos y su Comisi\u00f3n.<\/p>\n\n\n\n<p>Como agravios se plantearon: Vulneraci\u00f3n a los derechos pol\u00edtico-electorales, entre estos, el derecho al voto pasivo y activo, asociaci\u00f3n, reuni\u00f3n y protecci\u00f3n frente a la violencia pol\u00edtica contra las mujeres en raz\u00f3n de g\u00e9nero. Se viola el principio de progresividad y no regresi\u00f3n de los Derechos Humanos.<\/p>\n\n\n\n<p>El TECDMX consider\u00f3 fundados los agravios hechos valer por la parte actora, lo procedente fue revocar parcialmente y con efectos, el Decreto de Reforma, as\u00ed como, el Acuerdo 42 del Consejo General.<\/p>\n\n\n\n<p>Consideraciones relevantes se formularon en los Votos Concurrente y Particular respectivamente, de la Magda. Martha Leticia Mercado Ram\u00edrez y Magdo. Armando Ambriz Hern\u00e1ndez. <\/p>\n\n\n\n<p>Cadena Impugnativa y asuntos relacionados: SUP-JRC-108\/2022 y SUP-JRC-110\/2022. SUP-JDC-1056\/2022. Acciones de Inconstitucionalidad 90-2022 y acumuladas.<\/p>\n\n\n\n<p id=\"block-846d3af2-28a0-4bce-88b8-659f0daf7d51\">.<\/p>\n","protected":false},"excerpt":{"rendered":"<p>Regresar a Sentencias\u00a0 EXPEDIENTE: TECDMX-JLDC-075\/2022 POBLACI\u00d3N QUE SE TUTELA: Mujeres. Derechos pol\u00edticos. VPMG. RESUMEN DE CRITERIOS RELEVANTES: POBLACI\u00d3N QUE SE TUTELA: Mujeres. Derechos de petici\u00f3n VPMG. Decreto por el que se reforman, adicionan y derogan diversos art\u00edculos del C\u00f3digo de Instituciones y Procedimientos Electorales de la Ciudad de M\u00e9xico, publicado el dos de junio de [&hellip;]<\/p>\n","protected":false},"author":6,"featured_media":0,"parent":0,"menu_order":0,"comment_status":"closed","ping_status":"closed","template":"","meta":{"_exactmetrics_skip_tracking":false,"_exactmetrics_sitenote_active":false,"_exactmetrics_sitenote_note":"","_exactmetrics_sitenote_category":0,"footnotes":""},"_links":{"self":[{"href":"https:\/\/comitegenero.tecdmx.org.mx\/index.php\/wp-json\/wp\/v2\/pages\/6157"}],"collection":[{"href":"https:\/\/comitegenero.tecdmx.org.mx\/index.php\/wp-json\/wp\/v2\/pages"}],"about":[{"href":"https:\/\/comitegenero.tecdmx.org.mx\/index.php\/wp-json\/wp\/v2\/types\/page"}],"author":[{"embeddable":true,"href":"https:\/\/comitegenero.tecdmx.org.mx\/index.php\/wp-json\/wp\/v2\/users\/6"}],"replies":[{"embeddable":true,"href":"https:\/\/comitegenero.tecdmx.org.mx\/index.php\/wp-json\/wp\/v2\/comments?post=6157"}],"version-history":[{"count":2,"href":"https:\/\/comitegenero.tecdmx.org.mx\/index.php\/wp-json\/wp\/v2\/pages\/6157\/revisions"}],"predecessor-version":[{"id":6194,"href":"https:\/\/comitegenero.tecdmx.org.mx\/index.php\/wp-json\/wp\/v2\/pages\/6157\/revisions\/6194"}],"wp:attachment":[{"href":"https:\/\/comitegenero.tecdmx.org.mx\/index.php\/wp-json\/wp\/v2\/media?parent=6157"}],"curies":[{"name":"wp","href":"https:\/\/api.w.org\/{rel}","templated":true}]}}