{"id":6117,"date":"2024-01-09T20:55:33","date_gmt":"2024-01-09T20:55:33","guid":{"rendered":"https:\/\/comitegenero.tecdmx.org.mx\/?page_id=6117"},"modified":"2024-02-09T18:09:30","modified_gmt":"2024-02-09T18:09:30","slug":"personas-jovenes-con-discapacidad-migrantes-y-otros-grupos-de-atencion-prioritaria-2021","status":"publish","type":"page","link":"https:\/\/comitegenero.tecdmx.org.mx\/index.php\/personas-jovenes-con-discapacidad-migrantes-y-otros-grupos-de-atencion-prioritaria-2021\/","title":{"rendered":"PERSONAS J\u00d3VENES, CON DISCAPACIDAD, MIGRANTES Y OTROS GRUPOS DE ATENCI\u00d3N PRIORITARIA 2021"},"content":{"rendered":"\n<p><a href=\"https:\/\/comitegenero.tecdmx.org.mx\/index.php\/sentencias\/\" target=\"_blank\" rel=\"noreferrer noopener\">Regresar a Sentencias\u00a0\u00a0<\/a><\/p>\n\n\n\n<p><strong>EXPEDIENTE:<\/strong>&nbsp;<strong><a href=\"https:\/\/comitegenero.tecdmx.org.mx\/wp-content\/uploads\/2024\/01\/TECDMX_JLDC_29_2021.pdf\">TECDMX-JLDC-029\/2021<\/a>.<\/strong><\/p>\n\n\n\n<p><strong>POBLACI\u00d3N QUE SE TUTELA:<\/strong>&nbsp;LGBTTTIQ+ y Personas con discapacidad<\/p>\n\n\n\n<p class=\"has-text-align-left\"><strong>RESUMEN DE CRITERIOS RELEVANTES<\/strong>: La parte actora controvirti\u00f3 la omisi\u00f3n del Consejo General del Instituto Electoral de la CDMX de no emitir medidas o acciones afirmativas para que las personas pertenecientes a la diversidad sexual y aquellas en situaci\u00f3n de discapacidad accedan a las diputaciones locales y a los cargos de Alcald\u00edas, por los principios de mayor\u00eda relativa y representaci\u00f3n proporcional.<\/p>\n\n\n\n<p>En los Votos Particulares de esta sentencia, se desarrolla un amplio estudio normativo y jurisprudencial sobre la promoci\u00f3n, garant\u00eda, protecci\u00f3n y maximizaci\u00f3n de los derechos pol\u00edtico-electorales de la poblacion LGBTTTIQ+ y personas con discapacidad, en el marco de la implementaci\u00f3n de acciones afirmativas para su beneficio. <\/p>\n\n\n\n<hr class=\"wp-block-separator has-alpha-channel-opacity\" \/>\n\n\n\n<p><a href=\"https:\/\/comitegenero.tecdmx.org.mx\/index.php\/sentencias\/\" target=\"_blank\" rel=\"noreferrer noopener\">Regresar a Sentencias\u00a0\u00a0<\/a><\/p>\n\n\n\n<p>.<\/p>\n","protected":false},"excerpt":{"rendered":"<p>Regresar a Sentencias\u00a0\u00a0 EXPEDIENTE:&nbsp;TECDMX-JLDC-029\/2021. POBLACI\u00d3N QUE SE TUTELA:&nbsp;LGBTTTIQ+ y Personas con discapacidad RESUMEN DE CRITERIOS RELEVANTES: La parte actora controvirti\u00f3 la omisi\u00f3n del Consejo General del Instituto Electoral de la CDMX de no emitir medidas o acciones afirmativas para que las personas pertenecientes a la diversidad sexual y aquellas en situaci\u00f3n de discapacidad accedan a [&hellip;]<\/p>\n","protected":false},"author":3,"featured_media":0,"parent":0,"menu_order":0,"comment_status":"closed","ping_status":"closed","template":"","meta":{"_exactmetrics_skip_tracking":false,"_exactmetrics_sitenote_active":false,"_exactmetrics_sitenote_note":"","_exactmetrics_sitenote_category":0,"footnotes":""},"_links":{"self":[{"href":"https:\/\/comitegenero.tecdmx.org.mx\/index.php\/wp-json\/wp\/v2\/pages\/6117"}],"collection":[{"href":"https:\/\/comitegenero.tecdmx.org.mx\/index.php\/wp-json\/wp\/v2\/pages"}],"about":[{"href":"https:\/\/comitegenero.tecdmx.org.mx\/index.php\/wp-json\/wp\/v2\/types\/page"}],"author":[{"embeddable":true,"href":"https:\/\/comitegenero.tecdmx.org.mx\/index.php\/wp-json\/wp\/v2\/users\/3"}],"replies":[{"embeddable":true,"href":"https:\/\/comitegenero.tecdmx.org.mx\/index.php\/wp-json\/wp\/v2\/comments?post=6117"}],"version-history":[{"count":5,"href":"https:\/\/comitegenero.tecdmx.org.mx\/index.php\/wp-json\/wp\/v2\/pages\/6117\/revisions"}],"predecessor-version":[{"id":6232,"href":"https:\/\/comitegenero.tecdmx.org.mx\/index.php\/wp-json\/wp\/v2\/pages\/6117\/revisions\/6232"}],"wp:attachment":[{"href":"https:\/\/comitegenero.tecdmx.org.mx\/index.php\/wp-json\/wp\/v2\/media?parent=6117"}],"curies":[{"name":"wp","href":"https:\/\/api.w.org\/{rel}","templated":true}]}}