{"id":5887,"date":"2023-08-14T20:36:07","date_gmt":"2023-08-14T20:36:07","guid":{"rendered":"https:\/\/comitegenero.tecdmx.org.mx\/?page_id=5887"},"modified":"2026-02-09T19:39:40","modified_gmt":"2026-02-09T19:39:40","slug":"grupo-de-igualdad-laboral-y-no-discriminacion","status":"publish","type":"page","link":"https:\/\/comitegenero.tecdmx.org.mx\/index.php\/grupo-de-igualdad-laboral-y-no-discriminacion\/","title":{"rendered":"Grupo de Igualdad Laboral y No Discriminaci\u00f3n"},"content":{"rendered":"\n<p>El GILyND es una entidad colegiada, plural, participativa y de proximidad con las personas servidoras p\u00fablicas del Tribunal, creado desde 2017 en el marco de la Certificaci\u00f3n del Tribunal en la Norma Mexicana NMX-R-025-SCFI-2015 de Igualdad laboral y No Discriminaci\u00f3n. <\/p>\n\n\n\n<p>El GILyND dise\u00f1a, acompa\u00f1a, atiende e impulsa propuestas ante el Pleno y ante el Comit\u00e9 de G\u00e9nero y Derechos Humanos, para implementar acciones y mecanismos normativos y organizacionales en materia de igualdad laboral, mejoramiento del clima laboral y de las condiciones generales de trabajo, paridad org\u00e1nica y salarial, formaci\u00f3n y sensibilizaci\u00f3n, accesibilidad, difusi\u00f3n, conciliaci\u00f3n de la vida personal, familiar y laboral, promoci\u00f3n de entornos laborales libres de violencia, accesibilidad, inclusi\u00f3n, buenas pr\u00e1cticas, as\u00ed como, desarrollar todas las acciones jur\u00eddicas y administrativas necesarias para mantener la vigencia de la certificaci\u00f3n del TECDMX en la Norma Mexicana NMX-R-025-SCFI-2015 de Igualdad laboral y No Discriminaci\u00f3n.<\/p>\n\n\n\n<h2 class=\"wp-block-heading\"><mark style=\"background-color:#ffffff\" class=\"has-inline-color has-vivid-purple-color\"><a href=\"https:\/\/comitegenero.tecdmx.org.mx\/wp-content\/uploads\/2026\/02\/Directorio-GILyND_actualizado.pdf\" target=\"_blank\" rel=\"noreferrer noopener\">Directorio GILyND 2026<\/a><\/mark><\/h2>\n\n\n\n<div data-wp-interactive=\"core\/file\" class=\"wp-block-file\"><object data-wp-bind--hidden=\"!state.hasPdfPreview\"  class=\"wp-block-file__embed\" data=\"https:\/\/comitegenero.tecdmx.org.mx\/wp-content\/uploads\/2026\/02\/Directorio-GILyND_actualizado.pdf\" type=\"application\/pdf\" style=\"width:100%;height:600px\" aria-label=\"Incrustado de Directorio-GILyND_actualizado.\"><\/object><a id=\"wp-block-file--media-7b8423c3-59dd-49e1-bf84-38daf7d99a2b\" href=\"https:\/\/comitegenero.tecdmx.org.mx\/wp-content\/uploads\/2026\/02\/Directorio-GILyND_actualizado.pdf\" class=\"mcloud-attachment-6969\">Directorio-GILyND_actualizado<\/a><a href=\"https:\/\/comitegenero.tecdmx.org.mx\/wp-content\/uploads\/2026\/02\/Directorio-GILyND_actualizado.pdf\" class=\"wp-block-file__button wp-element-button mcloud-attachment-6969\" download aria-describedby=\"wp-block-file--media-7b8423c3-59dd-49e1-bf84-38daf7d99a2b\">Descarga<\/a><\/div>\n\n\n\n<p>________________________________________________________________________________________________________________<\/p>\n\n\n\n<h2 class=\"wp-block-heading\"><mark style=\"background-color:#ffffff\" class=\"has-inline-color has-vivid-purple-color\">Infograf\u00eda Procedimiento GILyND<\/mark><\/h2>\n\n\n<div class=\"wp-block-image\">\n<figure class=\"aligncenter size-large is-resized\"><img loading=\"lazy\" decoding=\"async\" width=\"622\" height=\"350\" src=\"https:\/\/comitegenero.tecdmx.org.mx\/wp-content\/uploads\/2024\/03\/INFOGRAFIA-GILyND-2024-622x350.png\" alt=\"\" class=\"wp-image-6258\" style=\"width:800px;height:auto\" srcset=\"https:\/\/comitegenero.tecdmx.org.mx\/wp-content\/uploads\/2024\/03\/INFOGRAFIA-GILyND-2024-311x175.png 311w, https:\/\/comitegenero.tecdmx.org.mx\/wp-content\/uploads\/2024\/03\/INFOGRAFIA-GILyND-2024-622x350.png 622w, https:\/\/comitegenero.tecdmx.org.mx\/wp-content\/uploads\/2024\/03\/INFOGRAFIA-GILyND-2024-768x432.png 768w, https:\/\/comitegenero.tecdmx.org.mx\/wp-content\/uploads\/2024\/03\/INFOGRAFIA-GILyND-2024-1536x864.png 1536w, https:\/\/comitegenero.tecdmx.org.mx\/wp-content\/uploads\/2024\/03\/INFOGRAFIA-GILyND-2024-2048x1152.png 2048w\" sizes=\"(max-width: 622px) 100vw, 622px\" \/><\/figure><\/div>\n\n\n<p><\/p>\n\n\n\n<h2 class=\"wp-block-heading\"><mark style=\"background-color:#ffffff\" class=\"has-inline-color has-vivid-purple-color\">Formato para presentar propuestas GILyND<\/mark><\/h2>\n\n\n\n<div data-wp-interactive=\"core\/file\" class=\"wp-block-file\"><object data-wp-bind--hidden=\"!state.hasPdfPreview\"  class=\"wp-block-file__embed\" data=\"https:\/\/comitegenero.tecdmx.org.mx\/wp-content\/uploads\/2024\/02\/4-FORMATO-PRESENTACION-PROPUESTAS-QUEJAS-GILyND-2024.pdf\" type=\"application\/pdf\" style=\"width:100%;height:600px\" aria-label=\"Incrustado de 4 FORMATO PRESENTACION PROPUESTAS QUEJAS GILyND 2024.\"><\/object><a id=\"wp-block-file--media-18c6dfbe-dae4-4ef5-a8a0-9dda570ad704\" href=\"https:\/\/comitegenero.tecdmx.org.mx\/wp-content\/uploads\/2024\/02\/4-FORMATO-PRESENTACION-PROPUESTAS-QUEJAS-GILyND-2024.pdf\" class=\"mcloud-attachment-6245\">4 FORMATO PRESENTACION PROPUESTAS QUEJAS GILyND 2024<\/a><a href=\"https:\/\/comitegenero.tecdmx.org.mx\/wp-content\/uploads\/2024\/02\/4-FORMATO-PRESENTACION-PROPUESTAS-QUEJAS-GILyND-2024.pdf\" class=\"wp-block-file__button wp-element-button mcloud-attachment-6245\" download aria-describedby=\"wp-block-file--media-18c6dfbe-dae4-4ef5-a8a0-9dda570ad704\">Descarga<\/a><\/div>\n\n\n\n<div class=\"wp-block-file\"><a id=\"wp-block-file--media-515a5060-f8fe-43ee-aa09-64af480465b9\" href=\"https:\/\/comitegenero.tecdmx.org.mx\/wp-content\/uploads\/2024\/02\/4-FORMATO-PRESENTACION-PROPUESTAS-QUEJAS-GILyND-2024.docx\" class=\"mcloud-attachment-6242\"><strong>4 FORMATO PRESENTACION PROPUESTAS QUEJAS GILyND 2024<\/strong><\/a><a href=\"https:\/\/comitegenero.tecdmx.org.mx\/wp-content\/uploads\/2024\/02\/4-FORMATO-PRESENTACION-PROPUESTAS-QUEJAS-GILyND-2024.docx\" class=\"wp-block-file__button wp-element-button mcloud-attachment-6242\" download aria-describedby=\"wp-block-file--media-515a5060-f8fe-43ee-aa09-64af480465b9\">Descarga<\/a><\/div>\n","protected":false},"excerpt":{"rendered":"<p>El GILyND es una entidad colegiada, plural, participativa y de proximidad con las personas servidoras p\u00fablicas del Tribunal, creado desde 2017 en el marco de la Certificaci\u00f3n del Tribunal en la Norma Mexicana NMX-R-025-SCFI-2015 de Igualdad laboral y No Discriminaci\u00f3n. El GILyND dise\u00f1a, acompa\u00f1a, atiende e impulsa propuestas ante el Pleno y ante el Comit\u00e9 [&hellip;]<\/p>\n","protected":false},"author":6,"featured_media":0,"parent":0,"menu_order":0,"comment_status":"closed","ping_status":"closed","template":"","meta":{"_exactmetrics_skip_tracking":false,"_exactmetrics_sitenote_active":false,"_exactmetrics_sitenote_note":"","_exactmetrics_sitenote_category":0,"footnotes":""},"_links":{"self":[{"href":"https:\/\/comitegenero.tecdmx.org.mx\/index.php\/wp-json\/wp\/v2\/pages\/5887"}],"collection":[{"href":"https:\/\/comitegenero.tecdmx.org.mx\/index.php\/wp-json\/wp\/v2\/pages"}],"about":[{"href":"https:\/\/comitegenero.tecdmx.org.mx\/index.php\/wp-json\/wp\/v2\/types\/page"}],"author":[{"embeddable":true,"href":"https:\/\/comitegenero.tecdmx.org.mx\/index.php\/wp-json\/wp\/v2\/users\/6"}],"replies":[{"embeddable":true,"href":"https:\/\/comitegenero.tecdmx.org.mx\/index.php\/wp-json\/wp\/v2\/comments?post=5887"}],"version-history":[{"count":23,"href":"https:\/\/comitegenero.tecdmx.org.mx\/index.php\/wp-json\/wp\/v2\/pages\/5887\/revisions"}],"predecessor-version":[{"id":6976,"href":"https:\/\/comitegenero.tecdmx.org.mx\/index.php\/wp-json\/wp\/v2\/pages\/5887\/revisions\/6976"}],"wp:attachment":[{"href":"https:\/\/comitegenero.tecdmx.org.mx\/index.php\/wp-json\/wp\/v2\/media?parent=5887"}],"curies":[{"name":"wp","href":"https:\/\/api.w.org\/{rel}","templated":true}]}}