{"id":5427,"date":"2022-02-24T20:10:53","date_gmt":"2022-02-24T20:10:53","guid":{"rendered":"https:\/\/comitegenero.tecdmx.org.mx\/?page_id=5427"},"modified":"2022-02-24T20:10:54","modified_gmt":"2022-02-24T20:10:54","slug":"estadistica-por-genero-del-personal-que-integra-el-tribunal-electoral-de-la-ciudad-de-mexico-2021","status":"publish","type":"page","link":"https:\/\/comitegenero.tecdmx.org.mx\/index.php\/estadistica-por-genero-del-personal-que-integra-el-tribunal-electoral-de-la-ciudad-de-mexico-2021\/","title":{"rendered":"Estad\u00edstica por G\u00e9nero del Personal que Integra el Tribunal Electoral de la Ciudad de M\u00e9xico 2021."},"content":{"rendered":"\n<ul><li><a rel=\"noreferrer noopener\" href=\"https:\/\/comitegenero.tecdmx.org.mx\/wp-content\/uploads\/2021\/02\/Estadi%CC%81stica-Enero-UEyJ-2021.pdf\" target=\"_blank\">Enero.<\/a><\/li><li><a rel=\"noreferrer noopener\" href=\"https:\/\/comitegenero.tecdmx.org.mx\/wp-content\/uploads\/2021\/03\/Estadi%CC%81stica-por-Genero-Febrero-UEyJ-2021.cleaned.pdf\" target=\"_blank\">Febrero.<\/a><\/li><li><a rel=\"noreferrer noopener\" href=\"https:\/\/comitegenero.tecdmx.org.mx\/wp-content\/uploads\/2021\/04\/Estadistica-por-Genero-Marzo-UEyJ-2021.pdf\" target=\"_blank\">Marzo.<\/a><\/li><li><a rel=\"noreferrer noopener\" href=\"https:\/\/comitegenero.tecdmx.org.mx\/wp-content\/uploads\/2021\/06\/Estadistica-por-Genero-Abril-2021-UEyJ.pdf\" target=\"_blank\">Abril.<\/a><\/li><li><a rel=\"noreferrer noopener\" href=\"https:\/\/comitegenero.tecdmx.org.mx\/wp-content\/uploads\/2021\/06\/Estadi%CC%81stica-por-Ge%CC%81nero-Mayo-2021-UEyJ.pdf\" target=\"_blank\">Mayo.<\/a><\/li><li><a rel=\"noreferrer noopener\" href=\"https:\/\/comitegenero.tecdmx.org.mx\/wp-content\/uploads\/2021\/07\/Estadistica-por-Genero-Junio-2021-UEyJ.pdf\" target=\"_blank\">Junio.<\/a><\/li><li><a rel=\"noreferrer noopener\" href=\"https:\/\/comitegenero.tecdmx.org.mx\/wp-content\/uploads\/2021\/08\/Estadi%CC%81stica-por-Ge%CC%81nero-Julio-2021-UEyJ.pdf\" target=\"_blank\">Julio.<\/a><\/li><li><a rel=\"noreferrer noopener\" href=\"https:\/\/comitegenero.tecdmx.org.mx\/wp-content\/uploads\/2021\/10\/Estadistica-por-Genero-Agosto-2021-UEyJ.pdf\" target=\"_blank\">Agosto.<\/a><\/li><li><a rel=\"noreferrer noopener\" href=\"https:\/\/comitegenero.tecdmx.org.mx\/wp-content\/uploads\/2021\/10\/Estadi%CC%81stica-por-Ge%CC%81nero-Septiembre-2021-UEyJ.pdf\" target=\"_blank\">Septiembre.<\/a><\/li><li><a rel=\"noreferrer noopener\" href=\"https:\/\/comitegenero.tecdmx.org.mx\/wp-content\/uploads\/2021\/11\/Estadi%CC%81stica-por-Ge%CC%81nero-Octubre-2021-UEyJ.pdf\" target=\"_blank\">Octubre.<\/a><\/li><li><a rel=\"noreferrer noopener\" href=\"https:\/\/comitegenero.tecdmx.org.mx\/wp-content\/uploads\/2022\/01\/Estadistica-por-Genero-Noviembre-2021-UEyJ.pdf\" target=\"_blank\">Noviembre.<\/a><\/li><li><a href=\"https:\/\/comitegenero.tecdmx.org.mx\/wp-content\/uploads\/2022\/02\/Estadi%CC%81stica-por-Ge%CC%81nero-Diciembre-2021-UEyJ.pdf\" target=\"_blank\" rel=\"noreferrer noopener\">Diciembre.<\/a><\/li><\/ul>\n","protected":false},"excerpt":{"rendered":"<p>Enero. Febrero. Marzo. Abril. Mayo. Junio. Julio. Agosto. Septiembre. Octubre. Noviembre. Diciembre.<\/p>\n","protected":false},"author":3,"featured_media":0,"parent":0,"menu_order":0,"comment_status":"closed","ping_status":"closed","template":"","meta":{"_exactmetrics_skip_tracking":false,"_exactmetrics_sitenote_active":false,"_exactmetrics_sitenote_note":"","_exactmetrics_sitenote_category":0,"footnotes":""},"_links":{"self":[{"href":"https:\/\/comitegenero.tecdmx.org.mx\/index.php\/wp-json\/wp\/v2\/pages\/5427"}],"collection":[{"href":"https:\/\/comitegenero.tecdmx.org.mx\/index.php\/wp-json\/wp\/v2\/pages"}],"about":[{"href":"https:\/\/comitegenero.tecdmx.org.mx\/index.php\/wp-json\/wp\/v2\/types\/page"}],"author":[{"embeddable":true,"href":"https:\/\/comitegenero.tecdmx.org.mx\/index.php\/wp-json\/wp\/v2\/users\/3"}],"replies":[{"embeddable":true,"href":"https:\/\/comitegenero.tecdmx.org.mx\/index.php\/wp-json\/wp\/v2\/comments?post=5427"}],"version-history":[{"count":2,"href":"https:\/\/comitegenero.tecdmx.org.mx\/index.php\/wp-json\/wp\/v2\/pages\/5427\/revisions"}],"predecessor-version":[{"id":5429,"href":"https:\/\/comitegenero.tecdmx.org.mx\/index.php\/wp-json\/wp\/v2\/pages\/5427\/revisions\/5429"}],"wp:attachment":[{"href":"https:\/\/comitegenero.tecdmx.org.mx\/index.php\/wp-json\/wp\/v2\/media?parent=5427"}],"curies":[{"name":"wp","href":"https:\/\/api.w.org\/{rel}","templated":true}]}}