{"id":5223,"date":"2021-06-15T00:20:41","date_gmt":"2021-06-15T00:20:41","guid":{"rendered":"https:\/\/comitegenero.tecdmx.org.mx\/?page_id=5223"},"modified":"2024-02-09T17:17:24","modified_gmt":"2024-02-09T17:17:24","slug":"poblacion-que-se-tutela-personas-jovenes-con-discapacidad-migrantes-y-otros-grupos-de-atencion-prioritaria-2017","status":"publish","type":"page","link":"https:\/\/comitegenero.tecdmx.org.mx\/index.php\/poblacion-que-se-tutela-personas-jovenes-con-discapacidad-migrantes-y-otros-grupos-de-atencion-prioritaria-2017\/","title":{"rendered":"POBLACI\u00d3N QUE SE TUTELA: PERSONAS J\u00d3VENES, CON DISCAPACIDAD, MIGRANTES Y OTROS GRUPOS DE ATENCI\u00d3N PRIORITARIA 2017"},"content":{"rendered":"\n<p><a href=\"https:\/\/comitegenero.tecdmx.org.mx\/index.php\/sentencias\/\">Regresar a Sentencias \u2196\u00a0<\/a><\/p>\n\n\n\n<p><strong>EXPEDIENTE: <\/strong><\/p>\n\n\n\n<p><strong>POBLACI\u00d3N QUE SE TUTELA:<\/strong>  <\/p>\n\n\n\n<p><strong>RESUMEN DE CRITERIOS RELEVANTES<\/strong>: . <\/p>\n\n\n\n<p><a href=\"https:\/\/comitegenero.tecdmx.org.mx\/index.php\/sentencias\/\">Regresar a Sentencias \u2196&nbsp;<\/a><\/p>\n","protected":false},"excerpt":{"rendered":"<p>Regresar a Sentencias \u2196\u00a0 EXPEDIENTE: POBLACI\u00d3N QUE SE TUTELA: RESUMEN DE CRITERIOS RELEVANTES: . Regresar a Sentencias \u2196&nbsp;<\/p>\n","protected":false},"author":3,"featured_media":0,"parent":0,"menu_order":0,"comment_status":"closed","ping_status":"closed","template":"","meta":{"_exactmetrics_skip_tracking":false,"_exactmetrics_sitenote_active":false,"_exactmetrics_sitenote_note":"","_exactmetrics_sitenote_category":0,"footnotes":""},"_links":{"self":[{"href":"https:\/\/comitegenero.tecdmx.org.mx\/index.php\/wp-json\/wp\/v2\/pages\/5223"}],"collection":[{"href":"https:\/\/comitegenero.tecdmx.org.mx\/index.php\/wp-json\/wp\/v2\/pages"}],"about":[{"href":"https:\/\/comitegenero.tecdmx.org.mx\/index.php\/wp-json\/wp\/v2\/types\/page"}],"author":[{"embeddable":true,"href":"https:\/\/comitegenero.tecdmx.org.mx\/index.php\/wp-json\/wp\/v2\/users\/3"}],"replies":[{"embeddable":true,"href":"https:\/\/comitegenero.tecdmx.org.mx\/index.php\/wp-json\/wp\/v2\/comments?post=5223"}],"version-history":[{"count":3,"href":"https:\/\/comitegenero.tecdmx.org.mx\/index.php\/wp-json\/wp\/v2\/pages\/5223\/revisions"}],"predecessor-version":[{"id":6218,"href":"https:\/\/comitegenero.tecdmx.org.mx\/index.php\/wp-json\/wp\/v2\/pages\/5223\/revisions\/6218"}],"wp:attachment":[{"href":"https:\/\/comitegenero.tecdmx.org.mx\/index.php\/wp-json\/wp\/v2\/media?parent=5223"}],"curies":[{"name":"wp","href":"https:\/\/api.w.org\/{rel}","templated":true}]}}

POBLACIÓN QUE SE TUTELA: PERSONAS JÓVENES, CON DISCAPACIDAD, MIGRANTES Y OTROS GRUPOS DE ATENCIÓN PRIORITARIA 2017

<p><a href="https://comitegenero.tecdmx.org.mx/index.php/sentencias/">Regresar a Sentencias ↖ </a></p>



<p><strong>EXPEDIENTE: </strong></p>



<p><strong>POBLACIÓN QUE SE TUTELA:</strong>  </p>



<p><strong>RESUMEN DE CRITERIOS RELEVANTES</strong>: . </p>



<p><a href="https://comitegenero.tecdmx.org.mx/index.php/sentencias/">Regresar a Sentencias ↖&nbsp;</a></p>

<p>Regresar a Sentencias ↖  EXPEDIENTE: POBLACIÓN QUE SE TUTELA: RESUMEN DE CRITERIOS RELEVANTES: . Regresar a Sentencias ↖&nbsp;</p>
