{"id":5220,"date":"2021-06-15T00:16:54","date_gmt":"2021-06-15T00:16:54","guid":{"rendered":"https:\/\/comitegenero.tecdmx.org.mx\/?page_id=5220"},"modified":"2024-02-09T17:18:32","modified_gmt":"2024-02-09T17:18:32","slug":"personas-jovenes-con-discapacidad-migrantes-y-otros-grupos-de-atencion-prioritaria-2018","status":"publish","type":"page","link":"https:\/\/comitegenero.tecdmx.org.mx\/index.php\/personas-jovenes-con-discapacidad-migrantes-y-otros-grupos-de-atencion-prioritaria-2018\/","title":{"rendered":"PERSONAS J\u00d3VENES, CON DISCAPACIDAD, MIGRANTES Y OTROS GRUPOS DE ATENCI\u00d3N PRIORITARIA 2018"},"content":{"rendered":"\n<p><a href=\"https:\/\/comitegenero.tecdmx.org.mx\/index.php\/sentencias\/\">Regresar a Sentencias \u2196\u00a0<\/a><\/p>\n\n\n\n<p><strong>EXPEDIENTE:<\/strong>  <strong><a rel=\"noreferrer noopener\" href=\"https:\/\/comitegenero.tecdmx.org.mx\/wp-content\/uploads\/2018\/08\/TECDMX-JEL-072-2018.docx\" target=\"_blank\">TECDMX-JEL-072\/2018<\/a>.<\/strong> <\/p>\n\n\n\n<p><strong>POBLACI\u00d3N QUE SE TUTELA:<\/strong>  Personas con Discapacidad. Perspectiva de discapacidad. Modelo social de discapacidad.<\/p>\n\n\n\n<p><strong>RESUMEN DE CRITERIOS RELEVANTES<\/strong>:  La sentencia resolvi\u00f3 acerca de un impedimento, que le causaba agravio a un servidor p\u00fablico eventual del Instituto Electoral de la Ciudad de M\u00e9xico (IECM), por restringirle su participaci\u00f3n en una convocatoria que el mismo Instituto en comento expidi\u00f3 para la contrataci\u00f3n de personal para cubrir diferentes \u00e1reas, a las cuales no pertenec\u00eda el actor, pero se encontraba interesado en ellas. El TECDMX resolvi\u00f3 que, la impartici\u00f3n de justicia en materia electoral, que implicar\u00e1 a personas con discapacidad, debe desempe\u00f1arse mediante una perspectiva de discapacidad, la cual, consiste, en observar sus derechos siguientes: de Igualdad y no discriminaci\u00f3n, de igual reconocimiento como persona ante la ley, de accesibilidad, de participaci\u00f3n e inclusi\u00f3n plena y efectiva en la sociedad y de acceso a la justicia; as\u00ed mismo, deben considerarse los principios del Protocolo de Actuaci\u00f3n para Quienes Imparten Justicia en casos que involucren Derechos de Personas con Discapacidad. Por \u00faltimo, extern\u00f3 que, a\u00fan y cuando el actor no fungi\u00f3 como parte promovente en las sentencias que dejaron sin efectos el lineamiento que prohib\u00eda la participaci\u00f3n de funcionario eventuales del IECM, si se le aplicar\u00edan dichos efectos, en raz\u00f3n de que, el TECDMX en su car\u00e1cter de m\u00e1ximo \u00f3rgano jurisdiccional electoral en la CDMX, tiene el deber de garantizar el principio de constitucionalidad, convencionalidad y legalidad. <\/p>\n\n\n\n<hr class=\"wp-block-separator has-css-opacity\" \/>\n\n\n\n<p><a href=\"https:\/\/comitegenero.tecdmx.org.mx\/index.php\/sentencias\/\">Regresar a Sentencias \u2196&nbsp;<\/a><\/p>\n","protected":false},"excerpt":{"rendered":"<p>Regresar a Sentencias \u2196\u00a0 EXPEDIENTE: TECDMX-JEL-072\/2018. POBLACI\u00d3N QUE SE TUTELA: Personas con Discapacidad. Perspectiva de discapacidad. Modelo social de discapacidad. RESUMEN DE CRITERIOS RELEVANTES: La sentencia resolvi\u00f3 acerca de un impedimento, que le causaba agravio a un servidor p\u00fablico eventual del Instituto Electoral de la Ciudad de M\u00e9xico (IECM), por restringirle su participaci\u00f3n en una [&hellip;]<\/p>\n","protected":false},"author":3,"featured_media":0,"parent":0,"menu_order":0,"comment_status":"closed","ping_status":"closed","template":"","meta":{"_exactmetrics_skip_tracking":false,"_exactmetrics_sitenote_active":false,"_exactmetrics_sitenote_note":"","_exactmetrics_sitenote_category":0,"footnotes":""},"_links":{"self":[{"href":"https:\/\/comitegenero.tecdmx.org.mx\/index.php\/wp-json\/wp\/v2\/pages\/5220"}],"collection":[{"href":"https:\/\/comitegenero.tecdmx.org.mx\/index.php\/wp-json\/wp\/v2\/pages"}],"about":[{"href":"https:\/\/comitegenero.tecdmx.org.mx\/index.php\/wp-json\/wp\/v2\/types\/page"}],"author":[{"embeddable":true,"href":"https:\/\/comitegenero.tecdmx.org.mx\/index.php\/wp-json\/wp\/v2\/users\/3"}],"replies":[{"embeddable":true,"href":"https:\/\/comitegenero.tecdmx.org.mx\/index.php\/wp-json\/wp\/v2\/comments?post=5220"}],"version-history":[{"count":4,"href":"https:\/\/comitegenero.tecdmx.org.mx\/index.php\/wp-json\/wp\/v2\/pages\/5220\/revisions"}],"predecessor-version":[{"id":6219,"href":"https:\/\/comitegenero.tecdmx.org.mx\/index.php\/wp-json\/wp\/v2\/pages\/5220\/revisions\/6219"}],"wp:attachment":[{"href":"https:\/\/comitegenero.tecdmx.org.mx\/index.php\/wp-json\/wp\/v2\/media?parent=5220"}],"curies":[{"name":"wp","href":"https:\/\/api.w.org\/{rel}","templated":true}]}}