{"id":5039,"date":"2021-02-02T19:24:07","date_gmt":"2021-02-02T19:24:07","guid":{"rendered":"https:\/\/comitegenero.tecdmx.org.mx\/?page_id=5039"},"modified":"2021-02-02T19:24:07","modified_gmt":"2021-02-02T19:24:07","slug":"estadistica-por-genero-del-personal-que-integra-el-tribunal-electoral-de-la-ciudad-de-mexico-2020","status":"publish","type":"page","link":"https:\/\/comitegenero.tecdmx.org.mx\/index.php\/estadistica-por-genero-del-personal-que-integra-el-tribunal-electoral-de-la-ciudad-de-mexico-2020\/","title":{"rendered":"Estad\u00edstica por G\u00e9nero del Personal que Integra el Tribunal Electoral de la Ciudad de M\u00e9xico 2020."},"content":{"rendered":"\n<ul id=\"block-b10e3890-4298-40e1-a7f7-292a4f0b382d\"><li><a rel=\"noreferrer noopener\" href=\"https:\/\/comitegenero.tecdmx.org.mx\/wp-content\/uploads\/2020\/02\/ESTADISTICA_DEL_PERSONAL_QUE_LABORA_EN_EL_TECDMX_ENERO_2020.pdf\" target=\"_blank\">Enero.<\/a><\/li><li><a rel=\"noreferrer noopener\" href=\"https:\/\/comitegenero.tecdmx.org.mx\/wp-content\/uploads\/2020\/05\/ESTADISTICA_DEL_PERSONAL_QUE_LABORA_EN_EL_TECDMX_FEBRERO_2020.pdf\" target=\"_blank\">Febrero<\/a>.<\/li><li><a rel=\"noreferrer noopener\" href=\"https:\/\/comitegenero.tecdmx.org.mx\/wp-content\/uploads\/2020\/07\/ESTADISTICA_POR_GENERO__DEL_PERSONAL_QUE_INTEGRA_EL_TECDMX_MARZO_2020.pdf\" target=\"_blank\">Marzo.<\/a><\/li><li><a rel=\"noreferrer noopener\" href=\"https:\/\/comitegenero.tecdmx.org.mx\/wp-content\/uploads\/2020\/07\/ESTADISTICA_POR_GENERO_DEL_PERSONAL_QUE_INTEGRA_EL_TECDMX_ABRIL_2020.pdf\" target=\"_blank\">Abril.<\/a><\/li><li><a rel=\"noreferrer noopener\" href=\"https:\/\/comitegenero.tecdmx.org.mx\/wp-content\/uploads\/2020\/07\/ESTADISTICA_POR_GENERO_DEL_PERSONAL_QUE_INTEGRA_EL_TECDMX_MAYO_2020.pdf\" target=\"_blank\">Mayo.<\/a><\/li><li><a rel=\"noreferrer noopener\" href=\"https:\/\/comitegenero.tecdmx.org.mx\/wp-content\/uploads\/2020\/07\/ESTADISTICA_POR_GENERO_DEL_PERSONAL_QUE_INTEGRA_EL_TECDMX_JUNIO_2020.pdf\" target=\"_blank\">Junio.<\/a><\/li><li><a rel=\"noreferrer noopener\" href=\"https:\/\/comitegenero.tecdmx.org.mx\/wp-content\/uploads\/2020\/09\/ESTADISTICA_POR_GENERO__DEL_PERSONAL_QUE_INTEGRA_EL_TECDMX_JULIO_2020.pdf\" target=\"_blank\">Julio.<\/a><\/li><li><a rel=\"noreferrer noopener\" href=\"https:\/\/comitegenero.tecdmx.org.mx\/wp-content\/uploads\/2020\/10\/ESTAD%C3%8DSTICA_POR_GENERO_DEL_PERSONAL_QUE_INTEGRA_EL_TECDMX_AGOSTO_2020.pdf\" target=\"_blank\">Agosto.<\/a><\/li><li><a rel=\"noreferrer noopener\" href=\"https:\/\/comitegenero.tecdmx.org.mx\/wp-content\/uploads\/2020\/10\/ESTADISTICA_POR_GENERO_DEL_PERSONAL_QUE_INTEGRA_EL_TECDMX_SEPTIEMBRE_2020.pdf\" target=\"_blank\">Septiembre.<\/a><\/li><li><a rel=\"noreferrer noopener\" href=\"https:\/\/comitegenero.tecdmx.org.mx\/wp-content\/uploads\/2020\/12\/ESTADISTICA_POR_GENERO_DEL_PERSONAL_QUE_INTEGRA_EL_TECDMX_OCTUBRE_2020.pdf\" target=\"_blank\">Octubre.<\/a><\/li><li><a rel=\"noreferrer noopener\" href=\"https:\/\/comitegenero.tecdmx.org.mx\/wp-content\/uploads\/2020\/12\/ESTADISTICA_POR_GENERO__DEL_PERSONAL_QUE_INTEGRA_EL_TECDMX_NOVIEMBRE_2020.pdf\" target=\"_blank\">Noviembre.<\/a><\/li><li><a href=\"https:\/\/comitegenero.tecdmx.org.mx\/wp-content\/uploads\/2021\/02\/ESTADISTICA_POR_GENERO_DEL_PERSONAL_QUE_INTEGRA_EL_TECDMX_DICIEMBRE_2020.pdf\" target=\"_blank\" rel=\"noreferrer noopener\">Diciembre.<\/a><\/li><\/ul>\n","protected":false},"excerpt":{"rendered":"<p>Enero. Febrero. Marzo. Abril. Mayo. Junio. Julio. Agosto. Septiembre. Octubre. Noviembre. Diciembre.<\/p>\n","protected":false},"author":3,"featured_media":0,"parent":0,"menu_order":0,"comment_status":"closed","ping_status":"closed","template":"","meta":{"_exactmetrics_skip_tracking":false,"_exactmetrics_sitenote_active":false,"_exactmetrics_sitenote_note":"","_exactmetrics_sitenote_category":0,"footnotes":""},"_links":{"self":[{"href":"https:\/\/comitegenero.tecdmx.org.mx\/index.php\/wp-json\/wp\/v2\/pages\/5039"}],"collection":[{"href":"https:\/\/comitegenero.tecdmx.org.mx\/index.php\/wp-json\/wp\/v2\/pages"}],"about":[{"href":"https:\/\/comitegenero.tecdmx.org.mx\/index.php\/wp-json\/wp\/v2\/types\/page"}],"author":[{"embeddable":true,"href":"https:\/\/comitegenero.tecdmx.org.mx\/index.php\/wp-json\/wp\/v2\/users\/3"}],"replies":[{"embeddable":true,"href":"https:\/\/comitegenero.tecdmx.org.mx\/index.php\/wp-json\/wp\/v2\/comments?post=5039"}],"version-history":[{"count":1,"href":"https:\/\/comitegenero.tecdmx.org.mx\/index.php\/wp-json\/wp\/v2\/pages\/5039\/revisions"}],"predecessor-version":[{"id":5040,"href":"https:\/\/comitegenero.tecdmx.org.mx\/index.php\/wp-json\/wp\/v2\/pages\/5039\/revisions\/5040"}],"wp:attachment":[{"href":"https:\/\/comitegenero.tecdmx.org.mx\/index.php\/wp-json\/wp\/v2\/media?parent=5039"}],"curies":[{"name":"wp","href":"https:\/\/api.w.org\/{rel}","templated":true}]}}

Estadística por Género del Personal que Integra el Tribunal Electoral de la Ciudad de México 2020.
