{"id":3230,"date":"2019-02-20T19:35:56","date_gmt":"2019-02-20T19:35:56","guid":{"rendered":"https:\/\/comitegenero.tecdmx.org.mx\/?page_id=3230"},"modified":"2019-02-20T19:35:56","modified_gmt":"2019-02-20T19:35:56","slug":"derechos-funda-derechos-conexos","status":"publish","type":"page","link":"https:\/\/comitegenero.tecdmx.org.mx\/index.php\/derechos-funda-derechos-conexos\/","title":{"rendered":"I. Derechos fundamentales y derechos conexos."},"content":{"rendered":"\n<p class=\"rteindent1 rtejustify\"><strong>I. Derechos fundamentales y derechos conexos.<\/strong><\/p>\n\n<p class=\"rteright\"><strong>Eje: Derechos Humanos.<\/strong><\/p>\n\n<p class=\"rtejustify\"><strong>a)<\/strong><\/p>\n\n<table border=\"1\" cellpadding=\"0\" cellspacing=\"0\" class=\"table\">\n\t<tbody>\n\t\t<tr>\n\t\t\t<td>\n\t\t\t<p class=\"rtejustify\"><strong>Actividad<\/strong><\/p>\n\t\t\t<\/td>\n\t\t\t<td>\n\t\t\t<p class=\"rtejustify\">Curso de Inducci\u00f3n al sistema constitucional de los derechos pol\u00edtico electorales en la Ciudad de M\u00e9xico.<\/p>\n\t\t\t<\/td>\n\t\t<\/tr>\n\t\t<tr>\n\t\t\t<td>\n\t\t\t<p class=\"rtejustify\"><strong>\u00c1rea estrat\u00e9gica<\/strong><\/p>\n\t\t\t<\/td>\n\t\t\t<td>\n\t\t\t<p class=\"rtejustify\">Formaci\u00f3n.<\/p>\n\t\t\t<\/td>\n\t\t<\/tr>\n\t\t<tr>\n\t\t\t<td>\n\t\t\t<p class=\"rtejustify\"><strong>Objetivos<\/strong><\/p>\n\t\t\t<\/td>\n\t\t\t<td>\n\t\t\t<p class=\"rtejustify\">Adquirir y actualizar conocimientos te\u00f3ricos y dogm\u00e1ticos de los derechos pol\u00edtico electorales y derechos conexos, consagrados en la Constituci\u00f3n local, con el objetivo de comprender su dimensi\u00f3n y alcances, as\u00ed como su vinculaci\u00f3n con los sistemas federal y convencional.<\/p>\n\t\t\t<\/td>\n\t\t<\/tr>\n\t\t<tr>\n\t\t\t<td>\n\t\t\t<p class=\"rtejustify\"><strong>Destinatario <\/strong><\/p>\n\t\t\t<\/td>\n\t\t\t<td>\n\t\t\t<p class=\"rtejustify\">\u00c1rea jurisdiccional del Tribunal.<\/p>\n\t\t\t<\/td>\n\t\t<\/tr>\n\t\t<tr>\n\t\t\t<td>\n\t\t\t<p class=\"rtejustify\"><strong>\u00c1reas involucradas<\/strong><\/p>\n\t\t\t<\/td>\n\t\t\t<td>\n\t\t\t<p class=\"rtejustify\">Consultor\u00edas, Secretar\u00eda General, Instituto de Capacitaci\u00f3n e Investigaci\u00f3n, Coordinaci\u00f3n de Transparencia y Archivo, Unidad de Jurisprudencia y Estad\u00edstica, Unidad de Tecnolog\u00edas de la Informaci\u00f3n, Coordinaci\u00f3n de Comunicaci\u00f3n Social.<\/p>\n\t\t\t<\/td>\n\t\t<\/tr>\n\t\t<tr>\n\t\t\t<td>\n\t\t\t<p class=\"rtejustify\"><strong>Periodo de Ejecuci\u00f3n<\/strong><\/p>\n\t\t\t<\/td>\n\t\t\t<td>\n\t\t\t<p class=\"rtejustify\">Marzo 2017 \u2013 marzo 2018<\/p>\n\t\t\t<\/td>\n\t\t<\/tr>\n\t<\/tbody>\n<\/table>\n\n<p class=\"rtejustify\">&nbsp;<\/p>\n\n<p class=\"rtejustify\"><strong>b)<\/strong><\/p>\n\n<table border=\"1\" cellpadding=\"0\" cellspacing=\"0\" class=\"table\">\n\t<tbody>\n\t\t<tr>\n\t\t\t<td>\n\t\t\t<p class=\"rtejustify\"><strong>Actividad<\/strong><\/p>\n\t\t\t<\/td>\n\t\t\t<td>\n\t\t\t<p class=\"rtejustify\">Curso de Acceso a la justicia y tutela jurisdiccional efectiva en materia pol\u00edtico electoral en la Ciudad de M\u00e9xico<\/p>\n\t\t\t<\/td>\n\t\t<\/tr>\n\t\t<tr>\n\t\t\t<td>\n\t\t\t<p class=\"rtejustify\"><strong>\u00c1rea estrat\u00e9gica<\/strong><\/p>\n\t\t\t<\/td>\n\t\t\t<td>\n\t\t\t<p class=\"rtejustify\">Formaci\u00f3n.<\/p>\n\t\t\t<\/td>\n\t\t<\/tr>\n\t\t<tr>\n\t\t\t<td>\n\t\t\t<p class=\"rtejustify\"><strong>Objetivos<\/strong><\/p>\n\t\t\t<\/td>\n\t\t\t<td>\n\t\t\t<p class=\"rtejustify\">Adquirir y actualizar conocimientos acerca de la dimensi\u00f3n, elementos e implicaciones normativas y pr\u00e1cticas del derecho de tutela jurisdiccional efectiva de los Actores pol\u00edticos, en sus tres momentos: acceso a la justicia, debido proceso y eficacia de las sentencias, en materia pol\u00edtico electoral, a partir del orden constitucional de la ciudad de M\u00e9xico.<\/p>\n\t\t\t<\/td>\n\t\t<\/tr>\n\t\t<tr>\n\t\t\t<td>\n\t\t\t<p class=\"rtejustify\"><strong>Destinatario<\/strong><\/p>\n\t\t\t<\/td>\n\t\t\t<td>\n\t\t\t<p class=\"rtejustify\">\u00c1rea jurisdiccional del Tribunal.<\/p>\n\t\t\t<\/td>\n\t\t<\/tr>\n\t\t<tr>\n\t\t\t<td>\n\t\t\t<p class=\"rtejustify\"><strong>Integrantes vinculados<\/strong><\/p>\n\t\t\t<\/td>\n\t\t\t<td>\n\t\t\t<p class=\"rtejustify\">Consultor\u00edas, Secretar\u00eda General, Instituto de Capacitaci\u00f3n e Investigaci\u00f3n, Coordinaci\u00f3n de Transparencia y Archivo, Unidad de Jurisprudencia y Estad\u00edstica, Unidad de Tecnolog\u00edas de la Informaci\u00f3n, Coordinaci\u00f3n de Comunicaci\u00f3n Social.<\/p>\n\t\t\t<\/td>\n\t\t<\/tr>\n\t\t<tr>\n\t\t\t<td>\n\t\t\t<p class=\"rtejustify\"><strong>Periodo de Ejecuci\u00f3n<\/strong><\/p>\n\t\t\t<\/td>\n\t\t\t<td>\n\t\t\t<p class=\"rtejustify\">Marzo 2017 \u2013 marzo 2018<\/p>\n\t\t\t<\/td>\n\t\t<\/tr>\n\t<\/tbody>\n<\/table>\n\n<p class=\"rtejustify\">&nbsp;<\/p>\n\n<p class=\"rtejustify\"><strong>c)<\/strong><\/p>\n\n<table border=\"1\" cellpadding=\"0\" cellspacing=\"0\" class=\"table\">\n\t<tbody>\n\t\t<tr>\n\t\t\t<td>\n\t\t\t<p class=\"rtejustify\"><strong>Actividad<\/strong><\/p>\n\t\t\t<\/td>\n\t\t\t<td>\n\t\t\t<p class=\"rtejustify\">Curso Elecciones y Sistema de Medios de Impugnaci\u00f3n en la Ciudad de M\u00e9xico.<\/p>\n\t\t\t<\/td>\n\t\t<\/tr>\n\t\t<tr>\n\t\t\t<td>\n\t\t\t<p class=\"rtejustify\"><strong>\u00c1rea estrat\u00e9gica<\/strong><\/p>\n\t\t\t<\/td>\n\t\t\t<td>\n\t\t\t<p class=\"rtejustify\">Formaci\u00f3n<\/p>\n\t\t\t<\/td>\n\t\t<\/tr>\n\t\t<tr>\n\t\t\t<td>\n\t\t\t<p class=\"rtejustify\"><strong>Objetivos<\/strong><\/p>\n\t\t\t<\/td>\n\t\t\t<td>\n\t\t\t<p class=\"rtejustify\">An\u00e1lisis y actualizaci\u00f3n de conocimientos doctrinarios, normativos y te\u00f3ricos de los procesos de la democracia representativa y participativa as\u00ed como del sistema de medios de impugnaci\u00f3n en la Ciudad de M\u00e9xico.<\/p>\n\t\t\t<\/td>\n\t\t<\/tr>\n\t\t<tr>\n\t\t\t<td>\n\t\t\t<p class=\"rtejustify\"><strong>Destinatarios <\/strong><\/p>\n\t\t\t<\/td>\n\t\t\t<td>\n\t\t\t<p class=\"rtejustify\">\u00c1rea jurisdiccional del Tribunal.<\/p>\n\t\t\t<\/td>\n\t\t<\/tr>\n\t\t<tr>\n\t\t\t<td>\n\t\t\t<p class=\"rtejustify\"><strong>Integrantes vinculados<\/strong><\/p>\n\t\t\t<\/td>\n\t\t\t<td>\n\t\t\t<p class=\"rtejustify\">Consultor\u00edas, Secretar\u00eda General, Instituto de Capacitaci\u00f3n e Investigaci\u00f3n, Coordinaci\u00f3n de Transparencia y Archivo, Unidad de Jurisprudencia y Estad\u00edstica, Unidad de Tecnolog\u00edas de la Informaci\u00f3n, Coordinaci\u00f3n de Comunicaci\u00f3n Social.<\/p>\n\t\t\t<\/td>\n\t\t<\/tr>\n\t\t<tr>\n\t\t\t<td>\n\t\t\t<p class=\"rtejustify\"><strong>Periodo de Ejecuci\u00f3n<\/strong><\/p>\n\t\t\t<\/td>\n\t\t\t<td>\n\t\t\t<p class=\"rtejustify\">Marzo 2017 \u2013 marzo 2018<\/p>\n\t\t\t<\/td>\n\t\t<\/tr>\n\t<\/tbody>\n<\/table>\n\n<p class=\"rtejustify\">&nbsp;<\/p>\n\n<p class=\"rtejustify\"><strong>d)<\/strong><\/p>\n\n<table border=\"1\" cellpadding=\"0\" cellspacing=\"0\" class=\"table\">\n\t<tbody>\n\t\t<tr>\n\t\t\t<td>\n\t\t\t<p class=\"rtejustify\"><strong>Actividad<\/strong><\/p>\n\t\t\t<\/td>\n\t\t\t<td>\n\t\t\t<p class=\"rtejustify\">Curso Procedimiento Especial Sancionador y Modelo de Comunicaci\u00f3n Pol\u00edtica en la Ciudad de M\u00e9xico.<\/p>\n\t\t\t<\/td>\n\t\t<\/tr>\n\t\t<tr>\n\t\t\t<td>\n\t\t\t<p class=\"rtejustify\"><strong>\u00c1rea estrat\u00e9gica<\/strong><\/p>\n\t\t\t<\/td>\n\t\t\t<td>\n\t\t\t<p class=\"rtejustify\">Formaci\u00f3n<\/p>\n\t\t\t<\/td>\n\t\t<\/tr>\n\t\t<tr>\n\t\t\t<td>\n\t\t\t<p class=\"rtejustify\"><strong>Objetivos<\/strong><\/p>\n\t\t\t<\/td>\n\t\t\t<td>\n\t\t\t<p class=\"rtejustify\">Actualizar conocimientos y analizar desde una perspectiva te\u00f3rica, normativa y jurisprudencial el Procedimiento Especial Sancionador en la Ciudad de M\u00e9xico.<\/p>\n\n\t\t\t<p class=\"rtejustify\">Actualizar conocimientos acerca del Modelo de comunicaci\u00f3n pol\u00edtica en la Ciudad de M\u00e9xico. Antecedentes, caracterizaci\u00f3n y dimensiones jur\u00eddico pol\u00edticas.<\/p>\n\n\t\t\t<p class=\"rtejustify\">&nbsp;<\/p>\n\t\t\t<\/td>\n\t\t<\/tr>\n\t\t<tr>\n\t\t\t<td>\n\t\t\t<p class=\"rtejustify\"><strong>Destinatarios<\/strong><\/p>\n\t\t\t<\/td>\n\t\t\t<td>\n\t\t\t<p class=\"rtejustify\">\u00c1rea jurisdiccional del Tribunal.<\/p>\n\t\t\t<\/td>\n\t\t<\/tr>\n\t\t<tr>\n\t\t\t<td>\n\t\t\t<p class=\"rtejustify\"><strong>Integrantes vinculados<\/strong><\/p>\n\t\t\t<\/td>\n\t\t\t<td>\n\t\t\t<p class=\"rtejustify\">Consultor\u00edas, Secretar\u00eda General, Instituto de Capacitaci\u00f3n e Investigaci\u00f3n, Coordinaci\u00f3n de Transparencia y Archivo, Unidad de Jurisprudencia y Estad\u00edstica, Unidad de Tecnolog\u00edas de la Informaci\u00f3n, Coordinaci\u00f3n de Comunicaci\u00f3n Social.<\/p>\n\t\t\t<\/td>\n\t\t<\/tr>\n\t\t<tr>\n\t\t\t<td>\n\t\t\t<p class=\"rtejustify\"><strong>Periodo de Ejecuci\u00f3n<\/strong><\/p>\n\t\t\t<\/td>\n\t\t\t<td>\n\t\t\t<p class=\"rtejustify\">Marzo 2017 \u2013 marzo 2018<\/p>\n\t\t\t<\/td>\n\t\t<\/tr>\n\t<\/tbody>\n<\/table>\n\n<p class=\"rtejustify\">&nbsp;<\/p>\n\n<p class=\"rtejustify\"><strong>e)<\/strong><\/p>\n\n<table border=\"1\" cellpadding=\"0\" cellspacing=\"0\" class=\"table\">\n\t<tbody>\n\t\t<tr>\n\t\t\t<td>\n\t\t\t<p class=\"rtejustify\"><strong>Actividad<\/strong><\/p>\n\t\t\t<\/td>\n\t\t\t<td>\n\t\t\t<p class=\"rtejustify\">Curso Derechos fundamentales y derechos conexos en el marco Constitucional de la Ciudad de M\u00e9xico.<\/p>\n\t\t\t<\/td>\n\t\t<\/tr>\n\t\t<tr>\n\t\t\t<td>\n\t\t\t<p class=\"rtejustify\"><strong>\u00c1rea estrat\u00e9gica<\/strong><\/p>\n\t\t\t<\/td>\n\t\t\t<td>\n\t\t\t<p class=\"rtejustify\">Formaci\u00f3n.<\/p>\n\t\t\t<\/td>\n\t\t<\/tr>\n\t\t<tr>\n\t\t\t<td>\n\t\t\t<p class=\"rtejustify\"><strong>Objetivos<\/strong><\/p>\n\t\t\t<\/td>\n\t\t\t<td>\n\t\t\t<p class=\"rtejustify\">Actualizar conocimientos te\u00f3ricos y normativos acerca de los derechos conexos y su v\u00ednculo con los derechos fundamentales durante los procesos de la democracia representativa y participativa en la Ciudad de M\u00e9xico.<\/p>\n\n\t\t\t<p class=\"rtejustify\">&nbsp;<\/p>\n\n\t\t\t<p class=\"rtejustify\">Particularmente de los derechos de libertad de expresi\u00f3n, derecho de petici\u00f3n, de asociaci\u00f3n, de acceso a la informaci\u00f3n y transparencia, as\u00ed como el derecho de r\u00e9plica y, de intimidad, honra y reputaci\u00f3n.<\/p>\n\t\t\t<\/td>\n\t\t<\/tr>\n\t\t<tr>\n\t\t\t<td>\n\t\t\t<p class=\"rtejustify\"><strong>Destinatarios<\/strong><\/p>\n\t\t\t<\/td>\n\t\t\t<td>\n\t\t\t<p class=\"rtejustify\">\u00c1rea jurisdiccional del Tribunal.<\/p>\n\t\t\t<\/td>\n\t\t<\/tr>\n\t\t<tr>\n\t\t\t<td>\n\t\t\t<p class=\"rtejustify\"><strong>Integrantes vinculados<\/strong><\/p>\n\t\t\t<\/td>\n\t\t\t<td>\n\t\t\t<p class=\"rtejustify\">Consultor\u00edas, Secretar\u00eda General, Instituto de Capacitaci\u00f3n e Investigaci\u00f3n, Coordinaci\u00f3n de Transparencia y Archivo, Unidad de Jurisprudencia y Estad\u00edstica, Unidad de Tecnolog\u00edas de la Informaci\u00f3n, Coordinaci\u00f3n de Comunicaci\u00f3n Social.<\/p>\n\t\t\t<\/td>\n\t\t<\/tr>\n\t\t<tr>\n\t\t\t<td>\n\t\t\t<p class=\"rtejustify\"><strong>Periodo de Ejecuci\u00f3n<\/strong><\/p>\n\t\t\t<\/td>\n\t\t\t<td>\n\t\t\t<p class=\"rtejustify\">Marzo 2017 \u2013 marzo 2018<\/p>\n\t\t\t<\/td>\n\t\t<\/tr>\n\t<\/tbody>\n<\/table>\n\n<p class=\"rtejustify\">&nbsp;<\/p>\n\n<p class=\"rtejustify\"><strong>1.A<\/strong><\/p>\n\n<table border=\"1\" cellpadding=\"0\" cellspacing=\"0\" class=\"table\">\n\t<tbody>\n\t\t<tr>\n\t\t\t<td>\n\t\t\t<p class=\"rtejustify\"><strong>Actividad<\/strong><\/p>\n\t\t\t<\/td>\n\t\t\t<td>\n\t\t\t<p class=\"rtejustify\">Curso Argumentaci\u00f3n jur\u00eddica.<\/p>\n\t\t\t<\/td>\n\t\t<\/tr>\n\t\t<tr>\n\t\t\t<td>\n\t\t\t<p class=\"rtejustify\"><strong>\u00c1rea estrat\u00e9gica<\/strong><\/p>\n\t\t\t<\/td>\n\t\t\t<td>\n\t\t\t<p class=\"rtejustify\">Formaci\u00f3n.<\/p>\n\t\t\t<\/td>\n\t\t<\/tr>\n\t\t<tr>\n\t\t\t<td>\n\t\t\t<p class=\"rtejustify\"><strong>Objetivos<\/strong><\/p>\n\t\t\t<\/td>\n\t\t\t<td>\n\t\t\t<p class=\"rtejustify\">Adquirir habilidades te\u00f3ricas y pr\u00e1cticas de argumentaci\u00f3n jur\u00eddica, lenguaje ciudadano y lenguaje incluyente, con el fin de fortalecer la certeza y la eficacia de las resoluciones jurisdiccionales, aproximar la ex\u00e9gesis judicial a la ciudadan\u00eda y colaborar en la visibilizaci\u00f3n de grupos en situaci\u00f3n de vulnerabilidad.<\/p>\n\t\t\t<\/td>\n\t\t<\/tr>\n\t\t<tr>\n\t\t\t<td>\n\t\t\t<p class=\"rtejustify\"><strong>Destinatarios<\/strong><\/p>\n\t\t\t<\/td>\n\t\t\t<td>\n\t\t\t<p class=\"rtejustify\">\u00c1rea jurisdiccional del Tribunal.<\/p>\n\t\t\t<\/td>\n\t\t<\/tr>\n\t\t<tr>\n\t\t\t<td>\n\t\t\t<p class=\"rtejustify\"><strong>Integrantes vinculados<\/strong><\/p>\n\t\t\t<\/td>\n\t\t\t<td>\n\t\t\t<p class=\"rtejustify\">Consultor\u00edas, Secretar\u00eda General, Instituto de Capacitaci\u00f3n e Investigaci\u00f3n, Coordinaci\u00f3n de Transparencia y Archivo, Unidad de Jurisprudencia y Estad\u00edstica, Unidad de Tecnolog\u00edas de la Informaci\u00f3n, Coordinaci\u00f3n de Comunicaci\u00f3n Social.<\/p>\n\t\t\t<\/td>\n\t\t<\/tr>\n\t\t<tr>\n\t\t\t<td>\n\t\t\t<p class=\"rtejustify\"><strong>Periodo de Ejecuci\u00f3n<\/strong><\/p>\n\t\t\t<\/td>\n\t\t\t<td>\n\t\t\t<p class=\"rtejustify\">Marzo 2017 \u2013 marzo 2019<\/p>\n\t\t\t<\/td>\n\t\t<\/tr>\n\t<\/tbody>\n<\/table>\n\n<p class=\"rtejustify\">&nbsp;<\/p>\n\n<p class=\"rtejustify\"><strong>2.A<\/strong><\/p>\n\n<table border=\"1\" cellpadding=\"0\" cellspacing=\"0\" class=\"table\">\n\t<tbody>\n\t\t<tr>\n\t\t\t<td>\n\t\t\t<p class=\"rtejustify\"><strong>Actividad<\/strong><\/p>\n\t\t\t<\/td>\n\t\t\t<td>\n\t\t\t<p class=\"rtejustify\">Curso Jurisdicci\u00f3n electoral comparada.<\/p>\n\t\t\t<\/td>\n\t\t<\/tr>\n\t\t<tr>\n\t\t\t<td>\n\t\t\t<p class=\"rtejustify\"><strong>\u00c1rea estrat\u00e9gica<\/strong><\/p>\n\t\t\t<\/td>\n\t\t\t<td>\n\t\t\t<p class=\"rtejustify\">Formaci\u00f3n.<\/p>\n\t\t\t<\/td>\n\t\t<\/tr>\n\t\t<tr>\n\t\t\t<td>\n\t\t\t<p class=\"rtejustify\"><strong>Objetivos<\/strong><\/p>\n\t\t\t<\/td>\n\t\t\t<td>\n\t\t\t<p class=\"rtejustify\">Fortalecer el criterio jur\u00eddico del personal del Tribunal con el estudio del derecho extranjero (normas, instituciones, procedimientos y criterios jurisdiccionales) en materia de impartici\u00f3n de justicia electoral.<\/p>\n\t\t\t<\/td>\n\t\t<\/tr>\n\t\t<tr>\n\t\t\t<td>\n\t\t\t<p class=\"rtejustify\"><strong>Destinatarios<\/strong><\/p>\n\t\t\t<\/td>\n\t\t\t<td>\n\t\t\t<p class=\"rtejustify\">\u00c1rea jurisdiccional del Tribunal.<\/p>\n\t\t\t<\/td>\n\t\t<\/tr>\n\t\t<tr>\n\t\t\t<td>\n\t\t\t<p class=\"rtejustify\"><strong>Integrantes vinculados<\/strong><\/p>\n\t\t\t<\/td>\n\t\t\t<td>\n\t\t\t<p class=\"rtejustify\">Consultor\u00edas, Secretar\u00eda General, Instituto de Capacitaci\u00f3n e Investigaci\u00f3n, Coordinaci\u00f3n de Transparencia y Archivo, Unidad de Jurisprudencia y Estad\u00edstica, Unidad de Tecnolog\u00edas de la Informaci\u00f3n, Coordinaci\u00f3n de Comunicaci\u00f3n Social.<\/p>\n\t\t\t<\/td>\n\t\t<\/tr>\n\t\t<tr>\n\t\t\t<td>\n\t\t\t<p class=\"rtejustify\"><strong>Periodo de Ejecuci\u00f3n<\/strong><\/p>\n\t\t\t<\/td>\n\t\t\t<td>\n\t\t\t<p class=\"rtejustify\">Marzo 2017 \u2013 marzo 2019<\/p>\n\t\t\t<\/td>\n\t\t<\/tr>\n\t<\/tbody>\n<\/table>\n\n<p class=\"rtejustify\">&nbsp;<\/p>\n\n<p class=\"rtejustify\"><strong>3.A<\/strong><\/p>\n\n<table border=\"1\" cellpadding=\"0\" cellspacing=\"0\" class=\"table\">\n\t<tbody>\n\t\t<tr>\n\t\t\t<td>\n\t\t\t<p class=\"rtejustify\"><strong>Actividad<\/strong><\/p>\n\t\t\t<\/td>\n\t\t\t<td>\n\t\t\t<p class=\"rtejustify\">Elaboraci\u00f3n de un prontuario de sentencias relevantes, jurisprudencias y tesis emitidas por el Tribunal.<\/p>\n\t\t\t<\/td>\n\t\t<\/tr>\n\t\t<tr>\n\t\t\t<td>\n\t\t\t<p class=\"rtejustify\"><strong>\u00c1rea estrat\u00e9gica<\/strong><\/p>\n\t\t\t<\/td>\n\t\t\t<td>\n\t\t\t<p class=\"rtejustify\">Investigaci\u00f3n.<\/p>\n\t\t\t<\/td>\n\t\t<\/tr>\n\t\t<tr>\n\t\t\t<td>\n\t\t\t<p class=\"rtejustify\"><strong>Objetivos<\/strong><\/p>\n\t\t\t<\/td>\n\t\t\t<td>\n\t\t\t<p class=\"rtejustify\">Realizar una antolog\u00eda comentada, en formato electr\u00f3nico, de las sentencias relevantes, jurisprudencias y tesis emitidas por el Tribunal, para su publicaci\u00f3n en la p\u00e1gina web de la instituci\u00f3n, que sirva como instrumento de consulta para el personal del Tribunal y las personas f\u00edsicas y morales que intervienen en la democracia de esta Ciudad.<\/p>\n\t\t\t<\/td>\n\t\t<\/tr>\n\t\t<tr>\n\t\t\t<td>\n\t\t\t<p class=\"rtejustify\"><strong>Destinatarios<\/strong><\/p>\n\t\t\t<\/td>\n\t\t\t<td>\n\t\t\t<p class=\"rtejustify\">Servidores p\u00fablicos y Actores pol\u00edticos.<\/p>\n\t\t\t<\/td>\n\t\t<\/tr>\n\t\t<tr>\n\t\t\t<td>\n\t\t\t<p class=\"rtejustify\"><strong>Integrantes vinculados<\/strong><\/p>\n\t\t\t<\/td>\n\t\t\t<td>\n\t\t\t<p class=\"rtejustify\">Consultor\u00edas, Secretar\u00eda General, Instituto de Capacitaci\u00f3n e Investigaci\u00f3n, Coordinaci\u00f3n de Transparencia y Archivo, Unidad de Jurisprudencia y Estad\u00edstica, Unidad de Tecnolog\u00edas de la Informaci\u00f3n, Coordinaci\u00f3n de Comunicaci\u00f3n Social.<\/p>\n\t\t\t<\/td>\n\t\t<\/tr>\n\t\t<tr>\n\t\t\t<td>\n\t\t\t<p class=\"rtejustify\"><strong>Periodo de Ejecuci\u00f3n<\/strong><\/p>\n\t\t\t<\/td>\n\t\t\t<td>\n\t\t\t<p class=\"rtejustify\">Marzo 2017 \u2013 marzo 2019<\/p>\n\t\t\t<\/td>\n\t\t<\/tr>\n\t<\/tbody>\n<\/table>\n\n<p class=\"rtejustify\">&nbsp;<\/p>\n\n<p class=\"rtejustify\"><strong>1.B<\/strong><\/p>\n\n<table border=\"1\" cellpadding=\"0\" cellspacing=\"0\" class=\"table\">\n\t<tbody>\n\t\t<tr>\n\t\t\t<td>\n\t\t\t<p class=\"rtejustify\"><strong>Actividad<\/strong><\/p>\n\t\t\t<\/td>\n\t\t\t<td>\n\t\t\t<p class=\"rtejustify\">Actividades acad\u00e9micas (conferencias, talleres, seminarios) relativos a los derechos fundamentales y derechos conexos en el sistema jur\u00eddico de la Ciudad de M\u00e9xico.<\/p>\n\t\t\t<\/td>\n\t\t<\/tr>\n\t\t<tr>\n\t\t\t<td>\n\t\t\t<p class=\"rtejustify\"><strong>\u00c1rea estrat\u00e9gica<\/strong><\/p>\n\t\t\t<\/td>\n\t\t\t<td>\n\t\t\t<p class=\"rtejustify\">Formaci\u00f3n.<\/p>\n\t\t\t<\/td>\n\t\t<\/tr>\n\t\t<tr>\n\t\t\t<td>\n\t\t\t<p class=\"rtejustify\"><strong>Objetivos<\/strong><\/p>\n\t\t\t<\/td>\n\t\t\t<td>\n\t\t\t<p class=\"rtejustify\">Actualizar permanentemente al personal del Tribunal en conocimientos te\u00f3ricos y normativos relativos a derechos fundamentales y derechos conexos.<\/p>\n\t\t\t<\/td>\n\t\t<\/tr>\n\t\t<tr>\n\t\t\t<td>\n\t\t\t<p class=\"rtejustify\"><strong>Destinatarios<\/strong><\/p>\n\t\t\t<\/td>\n\t\t\t<td>\n\t\t\t<p class=\"rtejustify\">\u00c1rea jurisdiccional y administrativa del Tribunal.<\/p>\n\t\t\t<\/td>\n\t\t<\/tr>\n\t\t<tr>\n\t\t\t<td>\n\t\t\t<p class=\"rtejustify\"><strong>Integrantes vinculados<\/strong><\/p>\n\t\t\t<\/td>\n\t\t\t<td>\n\t\t\t<p class=\"rtejustify\">Consultor\u00edas, Secretar\u00eda General, Secretar\u00eda Administrativa, Instituto de Capacitaci\u00f3n e Investigaci\u00f3n, Coordinaci\u00f3n de Transparencia y Archivo, Unidad de Jurisprudencia y Estad\u00edstica, Unidad de Tecnolog\u00edas de la Informaci\u00f3n, Coordinaci\u00f3n de Comunicaci\u00f3n Social.<\/p>\n\t\t\t<\/td>\n\t\t<\/tr>\n\t\t<tr>\n\t\t\t<td>\n\t\t\t<p class=\"rtejustify\"><strong>Periodo de Ejecuci\u00f3n<\/strong><\/p>\n\t\t\t<\/td>\n\t\t\t<td>\n\t\t\t<p class=\"rtejustify\">Permanente<\/p>\n\t\t\t<\/td>\n\t\t<\/tr>\n\t<\/tbody>\n<\/table>\n\n<p class=\"rtejustify\">&nbsp;<\/p>\n\n<p class=\"rtejustify\"><strong>2.B<\/strong><\/p>\n\n<table border=\"1\" cellpadding=\"0\" cellspacing=\"0\" class=\"table\">\n\t<tbody>\n\t\t<tr>\n\t\t\t<td>\n\t\t\t<p class=\"rtejustify\"><strong>Actividad<\/strong><\/p>\n\t\t\t<\/td>\n\t\t\t<td>\n\t\t\t<p class=\"rtejustify\">Convocatoria para impulsar la producci\u00f3n acad\u00e9mica.<\/p>\n\t\t\t<\/td>\n\t\t<\/tr>\n\t\t<tr>\n\t\t\t<td>\n\t\t\t<p class=\"rtejustify\"><strong>\u00c1rea estrat\u00e9gica<\/strong><\/p>\n\t\t\t<\/td>\n\t\t\t<td>\n\t\t\t<p class=\"rtejustify\">Investigaci\u00f3n.<\/p>\n\t\t\t<\/td>\n\t\t<\/tr>\n\t\t<tr>\n\t\t\t<td>\n\t\t\t<p class=\"rtejustify\"><strong>Objetivos<\/strong><\/p>\n\t\t\t<\/td>\n\t\t\t<td>\n\t\t\t<p class=\"rtejustify\">Lograr la publicaci\u00f3n de un art\u00edculo en materia de derechos fundamentales y derechos conexos, por cada Ponencia en la revista Electio.<\/p>\n\t\t\t<\/td>\n\t\t<\/tr>\n\t\t<tr>\n\t\t\t<td>\n\t\t\t<p class=\"rtejustify\"><strong>Destinatarios<\/strong><\/p>\n\t\t\t<\/td>\n\t\t\t<td>\n\t\t\t<p class=\"rtejustify\">\u00c1rea jurisdiccional y administrativa del Tribunal.<\/p>\n\t\t\t<\/td>\n\t\t<\/tr>\n\t\t<tr>\n\t\t\t<td>\n\t\t\t<p class=\"rtejustify\"><strong>Integrantes vinculados<\/strong><\/p>\n\t\t\t<\/td>\n\t\t\t<td>\n\t\t\t<p class=\"rtejustify\">Consultor\u00edas, Secretar\u00eda General, Secretar\u00eda Administrativa, Instituto de Capacitaci\u00f3n e Investigaci\u00f3n, Coordinaci\u00f3n de Transparencia y Archivo, Unidad de Jurisprudencia y Estad\u00edstica, Unidad de Tecnolog\u00edas de la Informaci\u00f3n, Coordinaci\u00f3n de Comunicaci\u00f3n Social.<\/p>\n\t\t\t<\/td>\n\t\t<\/tr>\n\t\t<tr>\n\t\t\t<td>\n\t\t\t<p class=\"rtejustify\"><strong>Periodo de Ejecuci\u00f3n<\/strong><\/p>\n\t\t\t<\/td>\n\t\t\t<td>\n\t\t\t<p class=\"rtejustify\">Permanente<\/p>\n\t\t\t<\/td>\n\t\t<\/tr>\n\t<\/tbody>\n<\/table>\n\n<p class=\"rtejustify\">&nbsp;<\/p>\n\n<p class=\"rtejustify\"><strong>3.B<\/strong><\/p>\n\n<table border=\"1\" cellpadding=\"0\" cellspacing=\"0\" class=\"table\">\n\t<tbody>\n\t\t<tr>\n\t\t\t<td>\n\t\t\t<p class=\"rtejustify\"><strong>Actividad<\/strong><\/p>\n\t\t\t<\/td>\n\t\t\t<td>\n\t\t\t<p class=\"rtejustify\">Celebraci\u00f3n y seguimiento de convenios con instituciones gubernamentales, acad\u00e9micas y sociedad civil locales.<\/p>\n\t\t\t<\/td>\n\t\t<\/tr>\n\t\t<tr>\n\t\t\t<td>\n\t\t\t<p class=\"rtejustify\"><strong>\u00c1rea estrat\u00e9gica<\/strong><\/p>\n\t\t\t<\/td>\n\t\t\t<td>\n\t\t\t<p class=\"rtejustify\">Vinculaci\u00f3n.<\/p>\n\t\t\t<\/td>\n\t\t<\/tr>\n\t\t<tr>\n\t\t\t<td>\n\t\t\t<p class=\"rtejustify\"><strong>Objetivos<\/strong><\/p>\n\t\t\t<\/td>\n\t\t\t<td>\n\t\t\t<p class=\"rtejustify\">Suscribir y dar seguimiento de convenios con diversas instituciones con el fin de estructurar un sistema de colaboraci\u00f3n que se traduzca en un espacio de di\u00e1logo para la adopci\u00f3n de medidas de defensa, enriquecimiento de saberes y buenas practicas organizaciones as\u00ed como medio de prevenci\u00f3n de violaciones respecto de los derechos fundamentales y derechos conexos en la Ciudad de M\u00e9xico.<\/p>\n\t\t\t<\/td>\n\t\t<\/tr>\n\t\t<tr>\n\t\t\t<td>\n\t\t\t<p class=\"rtejustify\"><strong>Destinatarios <\/strong><\/p>\n\t\t\t<\/td>\n\t\t\t<td>\n\t\t\t<p class=\"rtejustify\">\u00c1rea jurisdiccional y administrativa del Tribunal.<\/p>\n\t\t\t<\/td>\n\t\t<\/tr>\n\t\t<tr>\n\t\t\t<td>\n\t\t\t<p class=\"rtejustify\"><strong>Integrantes vinculados<\/strong><\/p>\n\t\t\t<\/td>\n\t\t\t<td>\n\t\t\t<p class=\"rtejustify\">Consultor\u00edas, Secretar\u00eda General, Secretar\u00eda Administrativa, Instituto de Capacitaci\u00f3n e Investigaci\u00f3n, Coordinaci\u00f3n de Transparencia y Archivo, Unidad de Jurisprudencia y Estad\u00edstica, Unidad de Tecnolog\u00edas de la Informaci\u00f3n, Coordinaci\u00f3n de Comunicaci\u00f3n Social.<\/p>\n\t\t\t<\/td>\n\t\t<\/tr>\n\t\t<tr>\n\t\t\t<td>\n\t\t\t<p class=\"rtejustify\"><strong>Periodo de Ejecuci\u00f3n<\/strong><\/p>\n\t\t\t<\/td>\n\t\t\t<td>\n\t\t\t<p class=\"rtejustify\">Permanente.<\/p>\n\t\t\t<\/td>\n\t\t<\/tr>\n\t<\/tbody>\n<\/table>\n\n<p class=\"rtejustify\">&nbsp;<\/p>\n\n<p class=\"rtejustify\"><strong>4.B<\/strong><\/p>\n\n<table border=\"1\" cellpadding=\"0\" cellspacing=\"0\" class=\"table\">\n\t<tbody>\n\t\t<tr>\n\t\t\t<td>\n\t\t\t<p class=\"rtejustify\"><strong>Actividad<\/strong><\/p>\n\t\t\t<\/td>\n\t\t\t<td>\n\t\t\t<p class=\"rtejustify\">Acercamiento con las personas f\u00edsicas y morales que intervienen en la democracia de esta Ciudad.<\/p>\n\t\t\t<\/td>\n\t\t<\/tr>\n\t\t<tr>\n\t\t\t<td>\n\t\t\t<p class=\"rtejustify\"><strong>\u00c1rea estrat\u00e9gica<\/strong><\/p>\n\t\t\t<\/td>\n\t\t\t<td>\n\t\t\t<p class=\"rtejustify\">Difusi\u00f3n.<\/p>\n\t\t\t<\/td>\n\t\t<\/tr>\n\t\t<tr>\n\t\t\t<td>\n\t\t\t<p class=\"rtejustify\"><strong>Objetivos<\/strong><\/p>\n\t\t\t<\/td>\n\t\t\t<td>\n\t\t\t<p class=\"rtejustify\">Realizar reuniones y elaborar materiales de difusi\u00f3n con fines informativos, enfocados en los diversos grupos sociales que componen la categor\u00eda de las personas f\u00edsicas y morales que intervienen en la democracia de esta Ciudad, sobre las funciones del Tribunal respecto de la defensa y garant\u00eda de los derechos fundamentales y derechos conexos.<\/p>\n\t\t\t<\/td>\n\t\t<\/tr>\n\t\t<tr>\n\t\t\t<td>\n\t\t\t<p class=\"rtejustify\"><strong>Destinatarios<\/strong><\/p>\n\t\t\t<\/td>\n\t\t\t<td>\n\t\t\t<p class=\"rtejustify\">Personas f\u00edsicas y morales que intervienen en la democracia de esta Ciudad<\/p>\n\t\t\t<\/td>\n\t\t<\/tr>\n\t\t<tr>\n\t\t\t<td>\n\t\t\t<p class=\"rtejustify\"><strong>Integrantes vinculados<\/strong><\/p>\n\t\t\t<\/td>\n\t\t\t<td>\n\t\t\t<p class=\"rtejustify\">Consultor\u00edas, Secretar\u00eda General, Secretar\u00eda Administrativa, Instituto de Capacitaci\u00f3n e Investigaci\u00f3n, Coordinaci\u00f3n de Transparencia y Archivo, Unidad de Jurisprudencia y Estad\u00edstica, Unidad de Tecnolog\u00edas de la Informaci\u00f3n, Coordinaci\u00f3n de Comunicaci\u00f3n Social.<\/p>\n\t\t\t<\/td>\n\t\t<\/tr>\n\t\t<tr>\n\t\t\t<td>\n\t\t\t<p class=\"rtejustify\"><strong>Periodo de Ejecuci\u00f3n<\/strong><\/p>\n\t\t\t<\/td>\n\t\t\t<td>\n\t\t\t<p class=\"rtejustify\">Permanente<\/p>\n\t\t\t<\/td>\n\t\t<\/tr>\n\t<\/tbody>\n<\/table>\n","protected":false},"excerpt":{"rendered":"<p>I. Derechos fundamentales y derechos conexos. Eje: Derechos Humanos. a) Actividad Curso de Inducci\u00f3n al sistema constitucional de los derechos pol\u00edtico electorales en la Ciudad de M\u00e9xico. \u00c1rea estrat\u00e9gica Formaci\u00f3n. Objetivos Adquirir y actualizar conocimientos te\u00f3ricos y dogm\u00e1ticos de los derechos pol\u00edtico electorales y derechos conexos, consagrados en la Constituci\u00f3n local, con el objetivo de [&hellip;]<\/p>\n","protected":false},"author":3,"featured_media":0,"parent":0,"menu_order":0,"comment_status":"closed","ping_status":"closed","template":"","meta":{"_exactmetrics_skip_tracking":false,"_exactmetrics_sitenote_active":false,"_exactmetrics_sitenote_note":"","_exactmetrics_sitenote_category":0,"footnotes":""},"_links":{"self":[{"href":"https:\/\/comitegenero.tecdmx.org.mx\/index.php\/wp-json\/wp\/v2\/pages\/3230"}],"collection":[{"href":"https:\/\/comitegenero.tecdmx.org.mx\/index.php\/wp-json\/wp\/v2\/pages"}],"about":[{"href":"https:\/\/comitegenero.tecdmx.org.mx\/index.php\/wp-json\/wp\/v2\/types\/page"}],"author":[{"embeddable":true,"href":"https:\/\/comitegenero.tecdmx.org.mx\/index.php\/wp-json\/wp\/v2\/users\/3"}],"replies":[{"embeddable":true,"href":"https:\/\/comitegenero.tecdmx.org.mx\/index.php\/wp-json\/wp\/v2\/comments?post=3230"}],"version-history":[{"count":1,"href":"https:\/\/comitegenero.tecdmx.org.mx\/index.php\/wp-json\/wp\/v2\/pages\/3230\/revisions"}],"predecessor-version":[{"id":3231,"href":"https:\/\/comitegenero.tecdmx.org.mx\/index.php\/wp-json\/wp\/v2\/pages\/3230\/revisions\/3231"}],"wp:attachment":[{"href":"https:\/\/comitegenero.tecdmx.org.mx\/index.php\/wp-json\/wp\/v2\/media?parent=3230"}],"curies":[{"name":"wp","href":"https:\/\/api.w.org\/{rel}","templated":true}]}}