{"id":2936,"date":"2018-09-26T18:10:54","date_gmt":"2018-09-26T18:10:54","guid":{"rendered":"http:\/\/comitegenero.tecdmx.org.mx\/?page_id=2936"},"modified":"2018-09-26T18:12:43","modified_gmt":"2018-09-26T18:12:43","slug":"comite","status":"publish","type":"page","link":"https:\/\/comitegenero.tecdmx.org.mx\/index.php\/comite\/","title":{"rendered":"Colaboradores de la p\u00e1gina del Comit\u00e9 de G\u00e9nero y Derechos Humanos del TECDMX"},"content":{"rendered":"<p>&nbsp;<\/p>\n<p style=\"text-align: center;\"><strong>Iris G\u00f3nzalez V\u00e1zquez<\/strong><br \/>\nCoordinadora de Derechos Humanos y G\u00e9nero<\/p>\n<p>&nbsp;<\/p>\n<p style=\"text-align: center;\"><strong>Juan Antonio Mej\u00eda Ort\u00edz<\/strong><br \/>\nSubdirector de Derechos Humanos y G\u00e9nero<\/p>\n<p>&nbsp;<\/p>\n<p style=\"text-align: center;\"><strong>Otilio Esteban Hern\u00e1ndez P\u00e9rez<\/strong><br \/>\nDirector de la Unidad de Servicios Inform\u00e1ticos<\/p>\n<p>&nbsp;<\/p>\n<p style=\"text-align: center;\"><strong>Alan Edgar Emmanuel Guti\u00e9rrez Monroy<\/strong><br \/>\nJefe de Departamento de Tecnolog\u00edas Web y Multimedia<\/p>\n","protected":false},"excerpt":{"rendered":"<p>&nbsp; Iris G\u00f3nzalez V\u00e1zquez Coordinadora de Derechos Humanos y G\u00e9nero &nbsp; Juan Antonio Mej\u00eda Ort\u00edz Subdirector de Derechos Humanos y G\u00e9nero &nbsp; Otilio Esteban Hern\u00e1ndez P\u00e9rez Director de la Unidad de Servicios Inform\u00e1ticos &nbsp; Alan Edgar Emmanuel Guti\u00e9rrez Monroy Jefe de Departamento de Tecnolog\u00edas Web y Multimedia<\/p>\n","protected":false},"author":3,"featured_media":0,"parent":0,"menu_order":0,"comment_status":"closed","ping_status":"closed","template":"","meta":{"_exactmetrics_skip_tracking":false,"_exactmetrics_sitenote_active":false,"_exactmetrics_sitenote_note":"","_exactmetrics_sitenote_category":0,"footnotes":""},"_links":{"self":[{"href":"https:\/\/comitegenero.tecdmx.org.mx\/index.php\/wp-json\/wp\/v2\/pages\/2936"}],"collection":[{"href":"https:\/\/comitegenero.tecdmx.org.mx\/index.php\/wp-json\/wp\/v2\/pages"}],"about":[{"href":"https:\/\/comitegenero.tecdmx.org.mx\/index.php\/wp-json\/wp\/v2\/types\/page"}],"author":[{"embeddable":true,"href":"https:\/\/comitegenero.tecdmx.org.mx\/index.php\/wp-json\/wp\/v2\/users\/3"}],"replies":[{"embeddable":true,"href":"https:\/\/comitegenero.tecdmx.org.mx\/index.php\/wp-json\/wp\/v2\/comments?post=2936"}],"version-history":[{"count":3,"href":"https:\/\/comitegenero.tecdmx.org.mx\/index.php\/wp-json\/wp\/v2\/pages\/2936\/revisions"}],"predecessor-version":[{"id":2939,"href":"https:\/\/comitegenero.tecdmx.org.mx\/index.php\/wp-json\/wp\/v2\/pages\/2936\/revisions\/2939"}],"wp:attachment":[{"href":"https:\/\/comitegenero.tecdmx.org.mx\/index.php\/wp-json\/wp\/v2\/media?parent=2936"}],"curies":[{"name":"wp","href":"https:\/\/api.w.org\/{rel}","templated":true}]}}