{"id":2551,"date":"2018-06-14T19:25:42","date_gmt":"2018-06-14T19:25:42","guid":{"rendered":"http:\/\/sitio.tedf.org.mx\/?page_id=2551"},"modified":"2025-06-03T19:56:06","modified_gmt":"2025-06-03T19:56:06","slug":"sitios-de-interes","status":"publish","type":"page","link":"https:\/\/comitegenero.tecdmx.org.mx\/index.php\/sitios-de-interes\/","title":{"rendered":"Sitios de inter\u00e9s"},"content":{"rendered":"\n<p>Sitios de inter\u00e9s.<\/p>\n\n\n\n<p><strong><a href=\"http:\/\/www.scjn.gob.mx\/\" target=\"_blank\" rel=\"noopener noreferrer\">Suprema Corte de Justicia de la Naci\u00f3n SCJN.<\/a><\/strong><\/p>\n\n\n\n<p><a href=\"https:\/\/www.scjn.gob.mx\/derechos-humanos\" target=\"_blank\" rel=\"noopener noreferrer\">Derechos Humanos.<\/a><br><a href=\"https:\/\/www.sitios.scjn.gob.mx\/codhap\/\" target=\"_blank\" rel=\"noopener noreferrer\">Direcci\u00f3n General de Estudios, Promoci\u00f3n y Desarrollo de los Derechos Humanos.<\/a><br><a href=\"https:\/\/www.scjn.gob.mx\/derechos-humanos\/organismos-internacionales\" target=\"_blank\" rel=\"noopener noreferrer\">Organismos Internacionales de Derechos Humanos.<\/a><br><a href=\"https:\/\/www.scjn.gob.mx\/igualdad-de-genero\" target=\"_blank\" rel=\"noopener noreferrer\">Igualdad de G\u00e9nero.<\/a><\/p>\n\n\n\n<p><strong><a href=\"http:\/\/www.oas.org\/es\/\" target=\"_blank\" rel=\"noopener noreferrer\">Comisi\u00f3n Interamericana de Derechos Humanos.<\/a><\/strong><\/p>\n\n\n\n<p><a href=\"http:\/\/www.oas.org\/es\/cidh\/mandato\/Basicos\/declaracion.asp\" target=\"_blank\" rel=\"noopener noreferrer\">Declaraci\u00f3n Americana de los Derechos y Deberes del Hombre.<\/a><br><a href=\"http:\/\/www.oas.org\/es\/centro_informacion\/default.asp\" target=\"_blank\" rel=\"noopener noreferrer\">Documentos m\u00e1s importantes de la Organizaci\u00f3n de los Estados Americanos (OEA).<\/a><br><a href=\"http:\/\/www.oas.org\/es\/cidh\/mandato\/documentos_basicos.asp\" target=\"_blank\" rel=\"noopener noreferrer\">Documentos B\u00e1sicos de Derechos Humanos en el Sistema Interamericano.<\/a><\/p>\n\n\n\n<p><strong><a href=\"http:\/\/www.cndh.org.mx\/\" target=\"_blank\" rel=\"noopener noreferrer\">Comisi\u00f3n Nacional de los Derechos Humanos.<\/a><\/strong><\/p>\n\n\n\n<p><a href=\"http:\/\/www.cndh.org.mx\/Igualdad\" target=\"_blank\" rel=\"noopener noreferrer\">Monitoreo de Legislaci\u00f3n y Programas de Igualdad y Asuntos de la Mujer.<\/a><br><a href=\"http:\/\/www.cndh.org.mx\/Indigenas\" target=\"_blank\" rel=\"noopener noreferrer\">Pueblos y Comunidades Ind\u00edgenas.<\/a><br><a href=\"http:\/\/www.cndh.org.mx\/Direccion_Atencion_Discapacidad\" target=\"_blank\" rel=\"noopener noreferrer\">Direcci\u00f3n General de Atenci\u00f3n a la Discapacidad.<\/a><\/p>\n\n\n\n<p><strong><a href=\"http:\/\/www.cndh.org.mx\/\" target=\"_blank\" rel=\"noopener noreferrer\">Comisi\u00f3n de Derechos Humanos del Distrito Federal.<\/a><\/strong><\/p>\n\n\n\n<p><a href=\"http:\/\/cdhdf.org.mx\/ley-de-la-cdhdf\/\" target=\"_blank\" rel=\"noopener noreferrer\">Ley de la CDHDF.<\/a><\/p>\n\n\n\n<p><strong><a href=\"http:\/\/www.trife.gob.mx\/\" target=\"_blank\" rel=\"noopener noreferrer\">Tribunal Electoral del Poder Judicial de la Federaci\u00f3n TEPJF.<\/a><\/strong><\/p>\n\n\n\n<p><a href=\"https:\/\/www.te.gob.mx\/consultareforma2014\/node\/2830\" target=\"_blank\" rel=\"noreferrer noopener\">Sistema de Consulta de Internacional de los Derechos Humanos.<\/a><\/p>\n\n\n\n<p><strong><a href=\"https:\/\/www.unicef.org\/argentina\/spanish\/ar_insumos_ConvencionBelem.pdf\" target=\"_blank\" rel=\"noopener noreferrer\">Bel\u00e9m Do Par\u00e1.<\/a><\/strong><\/p>\n\n\n\n<p><a href=\"http:\/\/www.oas.org\/es\/mesecvi\/nosotros.asp\" target=\"_blank\" rel=\"noopener noreferrer\">Mecanismo de Seguimiento de la Convenci\u00f3n de Bel\u00e9m do Par\u00e1 (MESECVI).<\/a><\/p>\n\n\n\n<p><strong><a href=\"http:\/\/www.bjdh.org.mx\/BJDH\/\" target=\"_blank\" rel=\"noopener noreferrer\">Buscador Jur\u00eddico de Derechos Humanos.<\/a><\/strong><\/p>\n\n\n\n<p><strong><a href=\"http:\/\/www.hchr.org.mx\/\" target=\"_blank\" rel=\"noopener noreferrer\">Alto Comisionado Derechos Humanos ONU.<\/a><\/strong><\/p>\n\n\n\n<p><strong><a href=\"http:\/\/www.bjdh.org.mx\/BJDH\/\" target=\"_blank\" rel=\"noopener noreferrer\">Sistema Nacional de la Derechos Humanos. Buscador Jur\u00eddico de Derechos Humanos.<\/a><\/strong><\/p>\n\n\n\n<p><strong><a href=\"http:\/\/mexico.unwomen.org\/es\/digiteca\/publicaciones\/2011\/12\/cedaw\" target=\"_blank\" rel=\"noopener noreferrer\">Convenci\u00f3n sobre la Eliminaci\u00f3n de todas formas de Discriminaci\u00f3n contra la Mujer (CEDAW).<\/a><\/strong><\/p>\n\n\n\n<p><strong><a href=\"http:\/\/www.oas.org\/es\/cidh\" target=\"_blank\" rel=\"noopener noreferrer\">Comisi\u00f3n Interamericana de Derechos Humanos CIDH.<\/a><\/strong><\/p>\n\n\n\n<p><strong><a href=\"http:\/\/www.consejeria.cdmx.gob.mx\/\" target=\"_blank\" rel=\"noopener noreferrer\">Consejer\u00eda Jur\u00eddica y de Servicios Legales de la CDMX.<\/a><\/strong><\/p>\n\n\n\n<p><strong><a href=\"http:\/\/www.conapred.org.mx\/\" target=\"_blank\" rel=\"noopener noreferrer\">Consejo Nacional para Prevenir la Discriminaci\u00f3n CONAPRED.<\/a><\/strong><\/p>\n\n\n\n<p><strong><a href=\"http:\/\/www.copred.cdmx.gob.mx\/\" target=\"_blank\" rel=\"noopener noreferrer\">Consejo para Prevenir y Eliminar la Discriminaci\u00f3n COPRED.<\/a><\/strong><\/p>\n\n\n\n<p><strong><a href=\"http:\/\/www.inmujeres.cdmx.gob.mx\/\" target=\"_blank\" rel=\"noopener noreferrer\">Instituto de las Mujeres de la Ciudad de M\u00e9xico INMUJERESCDMX.<\/a><\/strong><\/p>\n\n\n\n<p><strong><a href=\"http:\/\/www.iedf.org.mx\/index.php\" target=\"_blank\" rel=\"noopener noreferrer\">Instituto Electoral de la Ciudad de M\u00e9xico IECDMX.<\/a><\/strong><\/p>\n\n\n\n<p><strong><a href=\"http:\/\/www.gob.mx\/inmujeres\/\" target=\"_blank\" rel=\"noopener noreferrer\">Instituto Nacional de las Mujeres INMUJERES.<\/a><\/strong><\/p>\n\n\n\n<p><strong><a href=\"http:\/\/www.unwomen.org\/es\" target=\"_blank\" rel=\"noopener noreferrer\">ONU Mujeres.<\/a><\/strong><\/p>\n\n\n\n<p><strong><a href=\"http:\/\/mexico.unwomen.org\/\" target=\"_blank\" rel=\"noopener noreferrer\">ONU Mujeres M\u00e9xico.<\/a><\/strong><\/p>\n\n\n\n<p><strong><a href=\"http:\/\/www.sederec.cdmx.gob.mx\/\" target=\"_blank\" rel=\"noopener noreferrer\">Secretar\u00eda de Desarrollo Rural y Equidad para las Comunidades SEDEREC.<\/a><\/strong><\/p>\n\n\n\n<div style=\"height:33px\" aria-hidden=\"true\" class=\"wp-block-spacer\"><\/div>\n\n\n\n<div class=\"wp-block-columns is-layout-flex wp-container-core-columns-is-layout-1 wp-block-columns-is-layout-flex\">\n<div class=\"wp-block-column is-layout-flow wp-block-column-is-layout-flow\"><div class=\"wp-block-image\">\n<figure class=\"aligncenter size-full\"><a href=\"http:\/\/www.ohchr.org\/SP\/Pages\/Home.aspx\"><img loading=\"lazy\" decoding=\"async\" width=\"358\" height=\"139\" src=\"https:\/\/comitegenero.tecdmx.org.mx\/wp-content\/uploads\/2018\/08\/a-btn-onu-mujeres.jpg\" alt=\"\" class=\"wp-image-2792\" \/><\/a><\/figure><\/div>\n\n\n<h4 class=\"wp-block-heading has-text-align-center\"><span style=\"color:#036085\" class=\"has-inline-color\">ONU Mujeres<\/span><\/h4>\n<\/div>\n\n\n\n<div class=\"wp-block-column is-layout-flow wp-block-column-is-layout-flow\"><div class=\"wp-block-image\">\n<figure class=\"aligncenter size-full\"><img loading=\"lazy\" decoding=\"async\" width=\"358\" height=\"139\" src=\"https:\/\/comitegenero.tecdmx.org.mx\/wp-content\/uploads\/2018\/08\/a-btn-campana_derechos_humanos.jpg\" alt=\"\" class=\"wp-image-2787\" \/><\/figure><\/div>\n\n\n<h4 class=\"wp-block-heading\"><span style=\"color:#036085\" class=\"has-inline-color\">Campa\u00f1a del Alto Comisionado de Derechos Humanos de la ONU<\/span><\/h4>\n<\/div>\n<\/div>\n\n\n\n<div style=\"height:61px\" aria-hidden=\"true\" class=\"wp-block-spacer\"><\/div>\n\n\n\n<div class=\"wp-block-columns is-layout-flex wp-container-core-columns-is-layout-2 wp-block-columns-is-layout-flex\">\n<div class=\"wp-block-column is-layout-flow wp-block-column-is-layout-flow\"><div class=\"wp-block-image\">\n<figure class=\"aligncenter size-full\"><img loading=\"lazy\" decoding=\"async\" width=\"358\" height=\"139\" src=\"https:\/\/comitegenero.tecdmx.org.mx\/wp-content\/uploads\/2018\/08\/a-btn-heforshe.jpg\" alt=\"\" class=\"wp-image-2789\" \/><\/figure><\/div>\n\n\n<h4 class=\"wp-block-heading has-text-align-center\"><span style=\"color:#036085\" class=\"has-inline-color\">Campa\u00f1a de la ONU por la igualdad de mujeres y hombres<\/span><\/h4>\n<\/div>\n\n\n\n<div class=\"wp-block-column is-layout-flow wp-block-column-is-layout-flow\"><div class=\"wp-block-image\">\n<figure class=\"aligncenter size-full\"><img loading=\"lazy\" decoding=\"async\" width=\"358\" height=\"139\" src=\"https:\/\/comitegenero.tecdmx.org.mx\/wp-content\/uploads\/2018\/08\/a-btn-museo.jpg\" alt=\"\" class=\"wp-image-2790\" \/><\/figure><\/div>\n\n\n<h4 class=\"wp-block-heading has-text-align-center\"><span style=\"color:#036085\" class=\"has-inline-color\">Museo de la Mujer<\/span><\/h4>\n<\/div>\n<\/div>\n","protected":false},"excerpt":{"rendered":"<p>Sitios de inter\u00e9s. Suprema Corte de Justicia de la Naci\u00f3n SCJN. Derechos Humanos.Direcci\u00f3n General de Estudios, Promoci\u00f3n y Desarrollo de los Derechos Humanos.Organismos Internacionales de Derechos Humanos.Igualdad de G\u00e9nero. Comisi\u00f3n Interamericana de Derechos Humanos. Declaraci\u00f3n Americana de los Derechos y Deberes del Hombre.Documentos m\u00e1s importantes de la Organizaci\u00f3n de los Estados Americanos (OEA).Documentos B\u00e1sicos de [&hellip;]<\/p>\n","protected":false},"author":3,"featured_media":0,"parent":0,"menu_order":0,"comment_status":"closed","ping_status":"closed","template":"","meta":{"_exactmetrics_skip_tracking":false,"_exactmetrics_sitenote_active":false,"_exactmetrics_sitenote_note":"","_exactmetrics_sitenote_category":0,"footnotes":""},"_links":{"self":[{"href":"https:\/\/comitegenero.tecdmx.org.mx\/index.php\/wp-json\/wp\/v2\/pages\/2551"}],"collection":[{"href":"https:\/\/comitegenero.tecdmx.org.mx\/index.php\/wp-json\/wp\/v2\/pages"}],"about":[{"href":"https:\/\/comitegenero.tecdmx.org.mx\/index.php\/wp-json\/wp\/v2\/types\/page"}],"author":[{"embeddable":true,"href":"https:\/\/comitegenero.tecdmx.org.mx\/index.php\/wp-json\/wp\/v2\/users\/3"}],"replies":[{"embeddable":true,"href":"https:\/\/comitegenero.tecdmx.org.mx\/index.php\/wp-json\/wp\/v2\/comments?post=2551"}],"version-history":[{"count":7,"href":"https:\/\/comitegenero.tecdmx.org.mx\/index.php\/wp-json\/wp\/v2\/pages\/2551\/revisions"}],"predecessor-version":[{"id":6628,"href":"https:\/\/comitegenero.tecdmx.org.mx\/index.php\/wp-json\/wp\/v2\/pages\/2551\/revisions\/6628"}],"wp:attachment":[{"href":"https:\/\/comitegenero.tecdmx.org.mx\/index.php\/wp-json\/wp\/v2\/media?parent=2551"}],"curies":[{"name":"wp","href":"https:\/\/api.w.org\/{rel}","templated":true}]}}