{"id":2522,"date":"2018-06-14T19:18:28","date_gmt":"2018-06-14T19:18:28","guid":{"rendered":"http:\/\/sitio.tedf.org.mx\/?page_id=2522"},"modified":"2025-06-03T19:39:03","modified_gmt":"2025-06-03T19:39:03","slug":"programa-de-trabajo-en-materia-de-derechos-de-las-personas-con-discapacidad","status":"publish","type":"page","link":"https:\/\/comitegenero.tecdmx.org.mx\/index.php\/programa-de-trabajo-en-materia-de-derechos-de-las-personas-con-discapacidad\/","title":{"rendered":"Programa de trabajo en materia de Derechos de las personas con discapacidad."},"content":{"rendered":"<p>El Representante en M\u00e9xico del Alto Comisionado de las Naciones Unidas para los Derechos Humanos, con motivo del seguimiento de la Convenci\u00f3n sobre los Derechos de las Personas con Discapacidad en M\u00e9xico, se\u00f1al\u00f3 que la Convenci\u00f3n sobre los Derechos de las Personas con Discapacidad fue aprobada el 13 de diciembre de 2006 y entr\u00f3 en vigor el 3 de mayo de 2008.<\/p>\n<p>Se trata de uno de los m\u00e1s recientes tratados sobre derechos humanos adoptados en el marco de Naciones Unidas.<\/p>\n<p>El hecho de que haya sido adoptado a inicios del siglo XXI, se\u00f1al\u00f3, refleja por una parte, que tuvo que pasar mucho tiempo para que a nivel internacional fueran reconocidas como titulares de derechos a las personas con discapacidad; y por otra parte, que durante d\u00e9cadas, las personas con discapacidad se encontraron invisibilizados para todo el sistema social, sin posibilidades de tener un rol activo en todas las dimensiones de la vida.<\/p>\n<p>El reconocimiento de las personas con discapacidad como sujetas de pleno derecho, celebra la diversidad y la dignidad humanas.<\/p>\n<p>El sistema jur\u00eddico constitucional federal, local y convencional, forman una esfera de protecci\u00f3n en que las actitudes de rechazo o de asistencia paternalista, son cuestionadas con el fin de erradicar comportamientos basados en estereotipos, prejuicios, pr\u00e1cticas nocivas y estigmas en relaci\u00f3n con las personas con discapacidad.<\/p>\n<p>La constituci\u00f3n de la Ciudad de M\u00e9xico, tiene prevista una esfera de derechos en favor de las personas con discapacidad que se extiende en todo el cat\u00e1logo de derecho humanos que contiene.<\/p>\n<p>Particularmente, en el art\u00edculo 11, apartado G, precisa el reconocimiento de las personas con discapacidad como sujetas de pleno derecho, en consecuencia, establece la obligaci\u00f3n de las autoridades locales para adoptar las medidas necesarias para salvaguardar integralmente el ejercicio de sus derechos y respetar su voluntad, garantizando en todo momento los principios de inclusi\u00f3n y accesibilidad, considerando el dise\u00f1o universal y los ajustes razonables, con el fin de salvaguardar su toma de decisiones, el respeto a su voluntad y capacidad jur\u00eddica.<\/p>\n<p>Adoptando estos par\u00e1metros, el TECDMX se suma al principio de que las personas con discapacidad No son objetos pasivos de los cuidados o de las intervenciones, sino sujetos activos, titulares de derechos, entre ellos sus derechos en materia pol\u00edtico electoral, y que no s\u00f3lo es deseable sino posible y determinante, fomentar su participaci\u00f3n p\u00fablica en los procesos de toma de decisiones sobre las cuestiones que les incumben en todos los aspectos de su propia vida.<\/p>\n<p>En raz\u00f3n de lo anterior, el Comit\u00e9 considera son esenciales las medidas de sensibilizaci\u00f3n y protecci\u00f3n en favor de este grupo social. La garant\u00eda de sus derechos pol\u00edtico electorales es una responsabilidad que el TECDMX no puede desatender, por tanto, es un deber de primera importancia procurar fomentar las actitudes y el entorno propicios permitan su participaci\u00f3n plena y efectiva en la sociedad en igualdad de condiciones con las dem\u00e1s personas.<\/p>\n","protected":false},"excerpt":{"rendered":"<p>El Representante en M\u00e9xico del Alto Comisionado de las Naciones Unidas para los Derechos Humanos, con motivo del seguimiento de la Convenci\u00f3n sobre los Derechos de las Personas con Discapacidad en M\u00e9xico, se\u00f1al\u00f3 que la Convenci\u00f3n sobre los Derechos de las Personas con Discapacidad fue aprobada el 13 de diciembre de 2006 y entr\u00f3 en [&hellip;]<\/p>\n","protected":false},"author":3,"featured_media":0,"parent":0,"menu_order":0,"comment_status":"closed","ping_status":"closed","template":"","meta":{"_exactmetrics_skip_tracking":false,"_exactmetrics_sitenote_active":false,"_exactmetrics_sitenote_note":"","_exactmetrics_sitenote_category":0,"footnotes":""},"_links":{"self":[{"href":"https:\/\/comitegenero.tecdmx.org.mx\/index.php\/wp-json\/wp\/v2\/pages\/2522"}],"collection":[{"href":"https:\/\/comitegenero.tecdmx.org.mx\/index.php\/wp-json\/wp\/v2\/pages"}],"about":[{"href":"https:\/\/comitegenero.tecdmx.org.mx\/index.php\/wp-json\/wp\/v2\/types\/page"}],"author":[{"embeddable":true,"href":"https:\/\/comitegenero.tecdmx.org.mx\/index.php\/wp-json\/wp\/v2\/users\/3"}],"replies":[{"embeddable":true,"href":"https:\/\/comitegenero.tecdmx.org.mx\/index.php\/wp-json\/wp\/v2\/comments?post=2522"}],"version-history":[{"count":5,"href":"https:\/\/comitegenero.tecdmx.org.mx\/index.php\/wp-json\/wp\/v2\/pages\/2522\/revisions"}],"predecessor-version":[{"id":6627,"href":"https:\/\/comitegenero.tecdmx.org.mx\/index.php\/wp-json\/wp\/v2\/pages\/2522\/revisions\/6627"}],"wp:attachment":[{"href":"https:\/\/comitegenero.tecdmx.org.mx\/index.php\/wp-json\/wp\/v2\/media?parent=2522"}],"curies":[{"name":"wp","href":"https:\/\/api.w.org\/{rel}","templated":true}]}}