{"id":2519,"date":"2018-06-14T19:18:28","date_gmt":"2018-06-14T19:18:28","guid":{"rendered":"http:\/\/sitio.tedf.org.mx\/?page_id=2519"},"modified":"2025-06-03T19:02:52","modified_gmt":"2025-06-03T19:02:52","slug":"programa-de-trabajo-en-materia-de-derechos-humanos","status":"publish","type":"page","link":"https:\/\/comitegenero.tecdmx.org.mx\/index.php\/programa-de-trabajo-en-materia-de-derechos-humanos\/","title":{"rendered":"Programa de trabajo en materia de Derechos humanos"},"content":{"rendered":"<p>Los derechos pol\u00edticos constituyen el germen institucional del sistema democr\u00e1tico y hacen efectivo el derecho a votar y ser votado, unidad jur\u00eddica fundamental de la democracia, que mediante su ejercicio universal, libre, secreto, aut\u00e9ntico y peri\u00f3dico, tiene como funci\u00f3n esencial la integraci\u00f3n leg\u00edtima de los poderes p\u00fablicos.<\/p>\n<p>Asimismo, constituyen la base esencial de la legitimidad democr\u00e1tica, la integridad electoral, la cultura pol\u00edtica y la construcci\u00f3n de ciudadan\u00eda para la democracia.<\/p>\n<p>Esta unidad constitucional se integra por los principios de certeza, legalidad, independencia, imparcialidad y objetividad como principios rectores del proceso electoral, las elecciones libres, aut\u00e9nticas y peri\u00f3dicas; as\u00ed como por los derechos de sufragio universal, libre, secreto y directo; financiamiento de los partidos pol\u00edticos y sus campa\u00f1as electorales; la organizaci\u00f3n de las elecciones a trav\u00e9s de un organismo p\u00fablico y aut\u00f3nomo; unidad del proceso electoral, equidad para el acceso de los partidos pol\u00edticos a los medios de comunicaci\u00f3n social, el acceso a la justicia y a una tutela jurisdiccional efectiva en la materia por un \u00f3rgano aut\u00f3nomo que verifique el control de constitucionalidad y legalidad de los actos y resoluciones electorales y, desde luego, la igualdad de g\u00e9nero, la paridad y la no discriminaci\u00f3n.<\/p>\n<p>Ahora bien, si bien es cierto que no existe jerarqu\u00eda entre los derechos que integran el cat\u00e1logo universal, regional, nacional y local de derechos humanos, constituyendo un bloque indivisible e interdependiente, tambi\u00e9n lo es que existen derechos m\u00e1s pr\u00f3ximos entre s\u00ed en raz\u00f3n de la naturaleza del inter\u00e9s jur\u00eddico que protegen.<\/p>\n<p>En este sentido, los derechos fundamentales en materia pol\u00edtico electoral se encuentran contiguos a otros derechos humanos con los que se vinculan en un contexto de orden democr\u00e1tico, que son el de petici\u00f3n, de libertad de expresi\u00f3n, de libertad de pensamiento, acceso a la informaci\u00f3n y transparencia, de asociaci\u00f3n y reuni\u00f3n, de igualdad sustantiva, de paridad de g\u00e9nero, de intimidad, honra y reputaci\u00f3n, de nacionalidad y ciudadan\u00eda, entre otras las libertades p\u00fablicas.<\/p>\n<p>En este contexto, el actual sistema jur\u00eddico de los derechos fundamentales exige un alto grado de especializaci\u00f3n del personal del TECDMX en el estudio, actualizaci\u00f3n, interpretaci\u00f3n, argumentaci\u00f3n y valoraci\u00f3n de las formas y contenidos de los conceptos normas, principios, procedimientos y reglas legales que intervienen en forma interrelacionada durante el ejercicio de la funci\u00f3n jurisdiccional, en cada asunto que se presenta que es en s\u00ed mismo un conjunto de elementos particulares y caracter\u00edsticos.<\/p>\n<p>Operar este complejo mecanismo requiere de un sistema con enfoque que apoye al personal de la instituci\u00f3n en la adquisici\u00f3n de saberes especializados en la materia, con el fin de optimizar la lectura, interpretaci\u00f3n y desempe\u00f1o del contenido y significado los derechos fundamentales, del debido proceso as\u00ed como la forma en que se vinculan con los derechos conexos, de acuerdo con los principios derivados de la Constituci\u00f3n, en cada caso concreto.<\/p>\n<p>La experiencia jur\u00eddica y social de la historia reciente del pa\u00eds y de la Ciudad de M\u00e9xico, muestran que la vulneraci\u00f3n de las reglas del juego democr\u00e1tico por parte de las partes actoras pol\u00edticas, fomenta la desigualdad, la desafecci\u00f3n ciudadana, la incubaci\u00f3n de antivalores y la erosi\u00f3n de la democracia deliberativa, y en forma indirecta tambi\u00e9n derechos civiles, laborales, econ\u00f3micos o culturales de las v\u00edctimas.<\/p>\n<p>Por lo cual, se vuelve necesario cumplir de manera contundente la responsabilidad institucional en la formaci\u00f3n de ciudadan\u00eda de las personas f\u00edsicas y morales que intervienen en la democracia de nuestra Ciudad, en materia de derechos fundamentales, con el fin de reducir la posibilidad de vulneraci\u00f3n de su esfera jur\u00eddica y de las reglas del juego pol\u00edtico, a causa del desconocimiento o del conocimiento defectuoso, de sus derechos y obligaciones.<\/p>\n","protected":false},"excerpt":{"rendered":"<p>Los derechos pol\u00edticos constituyen el germen institucional del sistema democr\u00e1tico y hacen efectivo el derecho a votar y ser votado, unidad jur\u00eddica fundamental de la democracia, que mediante su ejercicio universal, libre, secreto, aut\u00e9ntico y peri\u00f3dico, tiene como funci\u00f3n esencial la integraci\u00f3n leg\u00edtima de los poderes p\u00fablicos. Asimismo, constituyen la base esencial de la legitimidad [&hellip;]<\/p>\n","protected":false},"author":3,"featured_media":0,"parent":0,"menu_order":0,"comment_status":"closed","ping_status":"closed","template":"","meta":{"_exactmetrics_skip_tracking":false,"_exactmetrics_sitenote_active":false,"_exactmetrics_sitenote_note":"","_exactmetrics_sitenote_category":0,"footnotes":""},"_links":{"self":[{"href":"https:\/\/comitegenero.tecdmx.org.mx\/index.php\/wp-json\/wp\/v2\/pages\/2519"}],"collection":[{"href":"https:\/\/comitegenero.tecdmx.org.mx\/index.php\/wp-json\/wp\/v2\/pages"}],"about":[{"href":"https:\/\/comitegenero.tecdmx.org.mx\/index.php\/wp-json\/wp\/v2\/types\/page"}],"author":[{"embeddable":true,"href":"https:\/\/comitegenero.tecdmx.org.mx\/index.php\/wp-json\/wp\/v2\/users\/3"}],"replies":[{"embeddable":true,"href":"https:\/\/comitegenero.tecdmx.org.mx\/index.php\/wp-json\/wp\/v2\/comments?post=2519"}],"version-history":[{"count":5,"href":"https:\/\/comitegenero.tecdmx.org.mx\/index.php\/wp-json\/wp\/v2\/pages\/2519\/revisions"}],"predecessor-version":[{"id":6623,"href":"https:\/\/comitegenero.tecdmx.org.mx\/index.php\/wp-json\/wp\/v2\/pages\/2519\/revisions\/6623"}],"wp:attachment":[{"href":"https:\/\/comitegenero.tecdmx.org.mx\/index.php\/wp-json\/wp\/v2\/media?parent=2519"}],"curies":[{"name":"wp","href":"https:\/\/api.w.org\/{rel}","templated":true}]}}