{"id":2489,"date":"2018-06-14T18:15:44","date_gmt":"2018-06-14T18:15:44","guid":{"rendered":"http:\/\/sitio.tedf.org.mx\/?page_id=2489"},"modified":"2026-02-09T19:39:58","modified_gmt":"2026-02-09T19:39:58","slug":"integracion","status":"publish","type":"page","link":"https:\/\/comitegenero.tecdmx.org.mx\/index.php\/integracion\/","title":{"rendered":"Integraci\u00f3n"},"content":{"rendered":"<p class=\"rtejustify\"><strong>Integraci\u00f3n<\/strong><sup><a id=\"_ftnref1\" title=\"\" href=\"http:\/\/comitegenero.tecdmx.org.mx\/integracion#_ftn1\" name=\"_ftnref1\"><strong>[1]<\/strong><\/a><\/sup><\/p>\n<ul>\n<li class=\"rtejustify\">Presidencia.<\/li>\n<\/ul>\n<p class=\"rteindent1 rtejustify\">Magistrada Karina Salgado Lunar<\/p>\n<ul>\n<li class=\"rtejustify\">Integrante.<\/li>\n<\/ul>\n<p class=\"rteindent1 rtejustify\">Magistrada Laura Patricia Jim\u00e9nez Castillo<\/p>\n<ul>\n<li class=\"rtejustify\">Integrante.<\/li>\n<\/ul>\n<p class=\"rteindent1 rtejustify\">Magistrado Jos\u00e9 Jes\u00fas Hern\u00e1ndez Rodr\u00edguez<\/p>\n<p><strong>Vocal\u00edas.<\/strong><\/p>\n<ul>\n<li>Secretar\u00eda General.<\/li>\n<li>Secretar\u00eda Administrativa.<\/li>\n<li>Defensor\u00eda P\u00fablica de Participaci\u00f3n Ciudadana y de Procesos Democr\u00e1ticos.<\/li>\n<li>Coordinaci\u00f3n de Archivo.<\/li>\n<li>Coordinaci\u00f3n de Transparencia y Datos Personales.<\/li>\n<li>Coordinaci\u00f3n de Comunicaci\u00f3n Social y Relaciones P\u00fablicas.<\/li>\n<li>Coordinaci\u00f3n de Difusi\u00f3n y Publicaci\u00f3n.<\/li>\n<li>Coordinaci\u00f3n de Vinculaci\u00f3n y Relaciones Internacionales.<\/li>\n<li>Instituto de Formaci\u00f3n y Capacitaci\u00f3n.<\/li>\n<li>Unidad de Servicios Inform\u00e1ticos.<\/li>\n<li>Unidad Especializada de Procedimientos Sancionadores, y<\/li>\n<li>Unidad de Estad\u00edstica y Jurisprudencia.<\/li>\n<\/ul>\n<p><strong>Consultor\u00edas.<\/strong><\/p>\n<ul>\n<li>Representante de la Presidencia y una persona por cada Ponencia, designadas por cada Magistrada y Magistrado integrantes del Pleno del TECDMX.<\/li>\n<\/ul>\n<p><strong>Secretar\u00eda T\u00e9cnica.<\/strong><\/p>\n<ul>\n<li>Coordinaci\u00f3n de Derechos Humanos y G\u00e9nero.<\/li>\n<\/ul>\n<p><strong>Observadoras permanentes.<\/strong><\/p>\n<ul>\n<li>Direcci\u00f3n General Jur\u00eddica.<\/li>\n<li>Contralor\u00eda Interna.<\/li>\n<li>Comisi\u00f3n de Controversias Laborales y Administrativas.<\/li>\n<\/ul>\n<div><sup><a id=\"_ftn1\" title=\"\" href=\"http:\/\/comitegenero.tecdmx.org.mx\/integracion#_ftnref1\" name=\"_ftn1\">[1]<\/a><\/sup> \u00daltima Integraci\u00f3n aprobada por Acuerdo TECDMX\/SG\/880\/2025.<\/div>\n\n\n<h2 class=\"wp-block-heading\"><mark style=\"background-color:#ffffff\" class=\"has-inline-color has-vivid-purple-color\"><a href=\"https:\/\/comitegenero.tecdmx.org.mx\/wp-content\/uploads\/2026\/02\/Directorio-CGyDH-actualizado.pdf\" target=\"_blank\" rel=\"noreferrer noopener\">Directorio CGyDH 2026<\/a><\/mark><\/h2>\n\n\n\n<div data-wp-interactive=\"core\/file\" class=\"wp-block-file\"><object data-wp-bind--hidden=\"!state.hasPdfPreview\"  class=\"wp-block-file__embed\" data=\"https:\/\/comitegenero.tecdmx.org.mx\/wp-content\/uploads\/2026\/02\/Directorio-CGyDH-actualizado.pdf\" type=\"application\/pdf\" style=\"width:100%;height:600px\" aria-label=\"Incrustado de Directorio-CGyDH-actualizado.\"><\/object><a id=\"wp-block-file--media-24ae0315-b7ec-407b-8d83-f052f6544f9d\" href=\"https:\/\/comitegenero.tecdmx.org.mx\/wp-content\/uploads\/2026\/02\/Directorio-CGyDH-actualizado.pdf\" class=\"mcloud-attachment-6974\">Directorio-CGyDH-actualizado<\/a><a href=\"https:\/\/comitegenero.tecdmx.org.mx\/wp-content\/uploads\/2026\/02\/Directorio-CGyDH-actualizado.pdf\" class=\"wp-block-file__button wp-element-button mcloud-attachment-6974\" download aria-describedby=\"wp-block-file--media-24ae0315-b7ec-407b-8d83-f052f6544f9d\">Descarga<\/a><\/div>\n","protected":false},"excerpt":{"rendered":"<p>Integraci\u00f3n[1] Presidencia. Magistrada Karina Salgado Lunar Integrante. Magistrada Laura Patricia Jim\u00e9nez Castillo Integrante. Magistrado Jos\u00e9 Jes\u00fas Hern\u00e1ndez Rodr\u00edguez Vocal\u00edas. Secretar\u00eda General. Secretar\u00eda Administrativa. Defensor\u00eda P\u00fablica de Participaci\u00f3n Ciudadana y de Procesos Democr\u00e1ticos. Coordinaci\u00f3n de Archivo. Coordinaci\u00f3n de Transparencia y Datos Personales. Coordinaci\u00f3n de Comunicaci\u00f3n Social y Relaciones P\u00fablicas. Coordinaci\u00f3n de Difusi\u00f3n y Publicaci\u00f3n. Coordinaci\u00f3n de [&hellip;]<\/p>\n","protected":false},"author":3,"featured_media":0,"parent":0,"menu_order":0,"comment_status":"closed","ping_status":"closed","template":"","meta":{"_exactmetrics_skip_tracking":false,"_exactmetrics_sitenote_active":false,"_exactmetrics_sitenote_note":"","_exactmetrics_sitenote_category":0,"footnotes":""},"_links":{"self":[{"href":"https:\/\/comitegenero.tecdmx.org.mx\/index.php\/wp-json\/wp\/v2\/pages\/2489"}],"collection":[{"href":"https:\/\/comitegenero.tecdmx.org.mx\/index.php\/wp-json\/wp\/v2\/pages"}],"about":[{"href":"https:\/\/comitegenero.tecdmx.org.mx\/index.php\/wp-json\/wp\/v2\/types\/page"}],"author":[{"embeddable":true,"href":"https:\/\/comitegenero.tecdmx.org.mx\/index.php\/wp-json\/wp\/v2\/users\/3"}],"replies":[{"embeddable":true,"href":"https:\/\/comitegenero.tecdmx.org.mx\/index.php\/wp-json\/wp\/v2\/comments?post=2489"}],"version-history":[{"count":20,"href":"https:\/\/comitegenero.tecdmx.org.mx\/index.php\/wp-json\/wp\/v2\/pages\/2489\/revisions"}],"predecessor-version":[{"id":6975,"href":"https:\/\/comitegenero.tecdmx.org.mx\/index.php\/wp-json\/wp\/v2\/pages\/2489\/revisions\/6975"}],"wp:attachment":[{"href":"https:\/\/comitegenero.tecdmx.org.mx\/index.php\/wp-json\/wp\/v2\/media?parent=2489"}],"curies":[{"name":"wp","href":"https:\/\/api.w.org\/{rel}","templated":true}]}}

Integración

<p class="rtejustify"><strong>Integración</strong><sup><a id="_ftnref1" title="" href="http://comitegenero.tecdmx.org.mx/integracion#_ftn1" name="_ftnref1"><strong>[1]</strong></a></sup></p>
<ul>
<li class="rtejustify">Presidencia.</li>
</ul>
<p class="rteindent1 rtejustify">Magistrada Karina Salgado Lunar</p>
<ul>
<li class="rtejustify">Integrante.</li>
</ul>
<p class="rteindent1 rtejustify">Magistrada Laura Patricia Jiménez Castillo</p>
<ul>
<li class="rtejustify">Integrante.</li>
</ul>
<p class="rteindent1 rtejustify">Magistrado José Jesús Hernández Rodríguez</p>
<p><strong>Vocalías.</strong></p>
<ul>
<li>Secretaría General.</li>
<li>Secretaría Administrativa.</li>
<li>Defensoría Pública de Participación Ciudadana y de Procesos Democráticos.</li>
<li>Coordinación de Archivo.</li>
<li>Coordinación de Transparencia y Datos Personales.</li>
<li>Coordinación de Comunicación Social y Relaciones Públicas.</li>
<li>Coordinación de Difusión y Publicación.</li>
<li>Coordinación de Vinculación y Relaciones Internacionales.</li>
<li>Instituto de Formación y Capacitación.</li>
<li>Unidad de Servicios Informáticos.</li>
<li>Unidad Especializada de Procedimientos Sancionadores, y</li>
<li>Unidad de Estadística y Jurisprudencia.</li>
</ul>
<p><strong>Consultorías.</strong></p>
<ul>
<li>Representante de la Presidencia y una persona por cada Ponencia, designadas por cada Magistrada y Magistrado integrantes del Pleno del TECDMX.</li>
</ul>
<p><strong>Secretaría Técnica.</strong></p>
<ul>
<li>Coordinación de Derechos Humanos y Género.</li>
</ul>
<p><strong>Observadoras permanentes.</strong></p>
<ul>
<li>Dirección General Jurídica.</li>
<li>Contraloría Interna.</li>
<li>Comisión de Controversias Laborales y Administrativas.</li>
</ul>
<div><sup><a id="_ftn1" title="" href="http://comitegenero.tecdmx.org.mx/integracion#_ftnref1" name="_ftn1">[1]</a></sup> Última Integración aprobada por Acuerdo TECDMX/SG/880/2025.</div>


<h2 class="wp-block-heading"><mark style="background-color:#ffffff" class="has-inline-color has-vivid-purple-color"><a href="https://comitegenero.tecdmx.org.mx/wp-content/uploads/2026/02/Directorio-CGyDH-actualizado.pdf" target="_blank" rel="noreferrer noopener">Directorio CGyDH 2026</a></mark></h2>



<div data-wp-interactive="core/file" class="wp-block-file"><object data-wp-bind--hidden="!state.hasPdfPreview"  class="wp-block-file__embed" data="https://comitegenero.tecdmx.org.mx/wp-content/uploads/2026/02/Directorio-CGyDH-actualizado.pdf" type="application/pdf" style="width:100%;height:600px" aria-label="Incrustado de Directorio-CGyDH-actualizado."></object><a id="wp-block-file--media-24ae0315-b7ec-407b-8d83-f052f6544f9d" href="https://comitegenero.tecdmx.org.mx/wp-content/uploads/2026/02/Directorio-CGyDH-actualizado.pdf" class="mcloud-attachment-6974">Directorio-CGyDH-actualizado</a><a href="https://comitegenero.tecdmx.org.mx/wp-content/uploads/2026/02/Directorio-CGyDH-actualizado.pdf" class="wp-block-file__button wp-element-button mcloud-attachment-6974" download aria-describedby="wp-block-file--media-24ae0315-b7ec-407b-8d83-f052f6544f9d">Descarga</a></div>

<p>Integración[1] Presidencia. Magistrada Karina Salgado Lunar Integrante. Magistrada Laura Patricia Jiménez Castillo Integrante. Magistrado José Jesús Hernández Rodríguez Vocalías. Secretaría General. Secretaría Administrativa. Defensoría Pública de Participación Ciudadana y de Procesos Democráticos. Coordinación de Archivo. Coordinación de Transparencia y Datos Personales. Coordinación de Comunicación Social y Relaciones Públicas. Coordinación de Difusión y Publicación. Coordinación de [&hellip;]</p>
